{"id":919,"date":"2024-03-15T15:42:54","date_gmt":"2024-03-15T14:42:54","guid":{"rendered":"https:\/\/renebote.de\/?page_id=919"},"modified":"2024-03-15T15:42:54","modified_gmt":"2024-03-15T14:42:54","slug":"ein-ass-fuer-verena","status":"publish","type":"page","link":"https:\/\/renebote.de\/?page_id=919","title":{"rendered":"Ein Ass f\u00fcr Verena"},"content":{"rendered":"\n<dialog id=\"imgFull\" class=\"coverFullsizeDialog\" style=\"display: none;\" onclick=\"hideFullsizeCoverDialog();\" >\n\t<img decoding=\"async\" id=\"coverFullsize\" src=\"\" alt=\"Cover des Buchs Ein Ass f\u00fcr Verena\" \/>\n<\/dialog>\n\n\n\n<div class=\"wp-block-columns is-layout-flex wp-container-core-columns-is-layout-28f84493 wp-block-columns-is-layout-flex\">\n<div class=\"wp-block-column is-layout-flow wp-block-column-is-layout-flow\" style=\"flex-basis:40%\">\n<img decoding=\"async\" id=\"coverPreview\" class=\"coverPreviewBook\" src=\"https:\/\/renebote.de\/wp-content\/uploads\/2024\/02\/Cover-Ein-Ass-fuer-Verena.webp\" onclick=\"showFullsizeCoverDialog();\" alt=\"Cover des Buchs Ein Ass f\u00fcr Verena\" \/>\n<div class=\"bookPageGeneralInfoContainer\">\n    <div class=\"bookPageEditionsContainer\">\n\t\t\t\t<img decoding=\"async\" src=\"https:\/\/renebote.de\/wp-content\/uploads\/2024\/02\/Ebook.webp\" style=\"width: 100%;\" title=\"Erh\u00e4ltlich als E-Book\" \/>\n    <\/div>\n    <div class=\"bookPageInfoRowsContainer\">\n\t\t<div class=\"bookPageInfoRow\">\n            <img decoding=\"async\" src=\"https:\/\/renebote.de\/wp-content\/uploads\/2024\/02\/Erscheinungstermin.webp\" class=\"bookPageInfoIcon\" title=\"Erscheinungsdatum\" \/>5. Juli 2022\n        <\/div>\n\t\t<div class=\"bookPageInfoRow\">\n            <img decoding=\"async\" src=\"https:\/\/renebote.de\/wp-content\/uploads\/2024\/02\/Seiten.webp\" class=\"bookPageInfoIcon\" title=\"Seiten\" \/>35\n        <\/div>\n\t\t<div class=\"bookPageInfoRow\">\n            <img decoding=\"async\" src=\"https:\/\/renebote.de\/wp-content\/uploads\/2024\/02\/ISBN.webp\" class=\"bookPageInfoIcon\" title=\"ISBN\" \/>978-3756232758\n        <\/div>\n\t\t<div class=\"bookPageInfoRow\">\n            <img decoding=\"async\" src=\"https:\/\/renebote.de\/wp-content\/uploads\/2024\/02\/Verlag.webp\" class=\"bookPageInfoIcon\" title=\"Ver\u00f6ffentlicht bei\" \/>Books on Demand\n        <\/div>\n    <\/div>\n<\/div>\n<div class=\"justifyText marginTop\">\n\t<p>Eigent&shy;lich ist Mini&shy;golf nur ein Hobby f\u00fcr Verena. Doch als sie die Ein&shy;ladung f\u00fcr ein Turnier sieht, an dem jeder teil&shy;nehmen kann, ist ihr Ehrgeiz geweckt. Weil sie die meisten, die h\u00e4ufi&shy;ger zum Spielen kommen, zumin&shy;dest fl\u00fcch&shy;tig kennt, rechnet sie sich sogar ganz gute Chancen auf einen der vor&shy;deren Pl\u00e4tze aus. Aber dann bringt das Los sie mit Paul in eine Mann&shy;schaft, und der will einfach keinen guten Rat anneh&shy;men. Willi, der gem\u00fct&shy;liche Rentner, muss dazwi&shy;schen&shy;gehen, und er scheint sich seine eigenen Gedan&shy;ken zu machen, was den Streit der Kinder angeht &#8230;<\/p>\n\n<\/div>\n<div class=\"fullWidthRow marginTop\">\n\t<b>E-Book \u20ac0,99<\/b>\n<\/div>\n<div class=\"fullWidthRow noBlockStartMargin\">\n\t<div style=\"width: 30%\";>\n\t\t<a href=\"https:\/\/books.apple.com\/de\/book\/ein-ass-f%C3%BCr-verena\/id6443034014\">\n\t\t\t<img decoding=\"async\" src=\"https:\/\/renebote.de\/wp-content\/uploads\/2024\/02\/Shop-Icon-iBooks.webp\" style=\"width: 100%; cursor: pointer;\" title=\"Link zum iBooks-Shop (Apple)\"\/>\n\t\t<\/a>\n\t<\/div>\t<div style=\"width: 30%\";>\n\t\t<a href=\"https:\/\/www.ebook.de\/de\/product\/42831351\/rene_bote_ein_ass_fuer_verena.html\">\n\t\t\t<img decoding=\"async\" src=\"https:\/\/renebote.de\/wp-content\/uploads\/2024\/02\/Shop-Icon-Ebook_de.webp\" style=\"width: 100%; cursor: pointer;\" title=\"Link zum Shop von ebook.de\"\/>\n\t\t<\/a>\n\t<\/div>\t<div style=\"width: 30%\";>\n\t\t<a href=\"https:\/\/www.bod.de\/buchshop\/ein-ass-fuer-verena-rene-bote-9783756232758\">\n\t\t\t<img decoding=\"async\" src=\"https:\/\/renebote.de\/wp-content\/uploads\/2024\/02\/Shop-Icon-BoD.webp\" style=\"width: 100%; cursor: pointer;\" title=\"Link zum Shop von BoD\"\/>\n\t\t<\/a>\n\t<\/div>\n<\/div>\n\n<div class=\"justifyText\"><p><b>Autorenplauderei: Spick&shy;zettel<\/b><\/p><p>In dieser Ge&shy;schichte wird es stellen&shy;weise ganz sch\u00f6n tech&shy;nisch. Damit ich hier keinen Unsinn ver&shy;zapfe, hatte ich w\u00e4hrend des Schrei&shy;bens auf dem zweiten Bild&shy;schirm fast durch&shy;gehend eine Seite offen, auf der die ein&shy;zelnen Bahnen genau be&shy;schrie&shy;ben werden. Recher&shy;che geh\u00f6rt nat\u00fcr&shy;lich immer dazu, aber selten habe ich so inten&shy;siv mit Spick&shy;zettel gear&shy;beitet.<\/p>\n<\/div>\n<\/div>\n\n\n\n<div class=\"wp-block-column is-layout-flow wp-block-column-is-layout-flow\" style=\"flex-basis:66.66%\">\n<div class=\"justifyText\">\n<p style=\"margin-top: -5px;\">\n<b>1. Loch: Die Minigolferin<\/b>\n<\/p><p>\nDie Minigolfanlage im Park lag etwas versteckt, mehrere Reihen B\u00fcsche schirmten sie zu Stra\u00dfe hin ab. Nur ein schlichtes Holzschild verriet am Parkeingang, dass es hinter den B\u00fcschen mehr gab als nur Spazierwege zwischen noch mehr B\u00fcschen. Trotzdem war die Anlage immer gut besucht, vor allem am Wochenende. Viele Spieler kamen regelm\u00e4\u00dfig, und gerade sonntagnachmittags waren viele Familien mit Kindern da. Auch ein Club war auf der Anlage beheimatet und trug regelm\u00e4\u00dfig Turniere aus. Die Mannschaften spielten sogar recht weit oben.\n<\/p><p>\nVerena geh\u00f6rte zu den Stammg\u00e4sten, die nicht im Verein spielten, und war gar nicht so viel schlechter als die Jugendspieler des Clubs. Seit anderthalb Jahren spielte sie regelm\u00e4\u00dfig, und in der Zeit hatte sie Schl\u00e4ger und B\u00e4lle gut zu beherrschen gelernt.\n<\/p><p>\nVon ihrem Taschengeld h\u00e4tte sie sich das so oft nicht leisten k\u00f6nnen, denn nat\u00fcrlich kostete die Nutzung f\u00fcr alle, die nicht im Verein waren, Eintritt. Aber ihre Eltern gaben ihr das Geld f\u00fcr ein oder zwei Runden in jeder Woche, das verbuchten sie in die gleiche Kategorie wie die Beitr\u00e4ge f\u00fcr den Badmintonverein, in dem Verena ebenfalls war. Die Idee, in den Verein zu gehen, stand im Raum, aber bis jetzt hatte Verena sich noch nicht dazu durchringen k\u00f6nnen. So ernst war ihr das Hobby dann doch nicht, und sie wusste nicht, ob sie \u00fcberhaupt Turniere spielen wollte. Sie war eigentlich zufrieden mit ihren Ergebnissen, meistens 34 oder 36 Schl\u00e4ge, aber ein bisschen w\u00fcrde sie sich wohl doch noch verbessern m\u00fcssen, bis es f\u00fcr ein Turnier reichte. Au\u00dferdem w\u00fcrde sie eine eigene Ausr\u00fcstung brauchen, die Leihschl\u00e4ger waren stabil, gen\u00fcgten aber keinen h\u00f6heren Anspr\u00fcchen. Auch die B\u00e4lle waren nicht billig, manche kosteten \u00fcber 20 Euro, und selbst die Jugendspieler hatten alle schon 15, 20 St\u00fcck oder noch mehr. Manche von den Erwachsenen hatten richtige Ballkoffer mit Schaumstoffeinlagen, einem Fach f\u00fcr jeden Ball und K\u00fchlakkus und Taschenw\u00e4rmern, um die B\u00e4lle immer auf optimaler Temperatur zu halten. Oft sah Verena sie stundenlang einen neuen Ball ausprobieren, und Spieler von anderen Mannschaften machten sich manchmal schon Wochen vor einem Turnier mit der Anlage vertraut.\n<\/p><p>\n<p>&nbsp;<\/p>\n<p><b>2. Loch: Die Einladung<\/b><\/p>\n<p>\nAm Tag nach Ostern entdeckte Verena am Kassenh\u00e4uschen ein Plakat: Jedermann-Turnier am n\u00e4chsten Samstag. Im ersten Moment dachte sie sich nicht viel dabei und schaute nur beil\u00e4ufig hin. Wenn Turniere stattfanden, war die Anlage f\u00fcr andere Besucher nat\u00fcrlich gesperrt, und deshalb wollte sie den Termin wissen.\n<\/p><p>\nDoch in diesem Fall waren es umgekehrt die Vereinsspieler, die drau\u00dfen bleiben w\u00fcrden. Der Betreiber der Anlage lud ein zu einem Turnier f\u00fcr alle, die nicht im Verein waren und deshalb sonst keine Chance hatten, an einem Wettbewerb teilzunehmen. Er lobte attraktive Preise aus, behielt aber f\u00fcr sich, welche genau.\n<\/p><p>\nVerena \u00fcberlegte nicht eine Sekunde. Da w\u00fcrde sie auf jeden Fall mitmachen, vorausgesetzt, sie war nicht zu jung daf\u00fcr. Ein Mindestalter war nicht angegeben, aber vielleicht richtete sich das Turnier trotzdem nur an Erwachsene, und Verena war erst zw\u00f6lf. Die Teilnahmegeb\u00fchr, 5 Euro, w\u00fcrde sie sogar von ihrem Taschengeld bezahlen, wenn es sein musste, aber sie war fast sicher, dass sie das Geld von ihren Eltern wiederbekommen w\u00fcrde.\n<\/p><p>\nAnne, die Frau des Platzbetreibers, die oft die erste Schicht \u00fcbernahm, beantwortete die offenen Fragen: Nein, es gab keine Altersgrenze, jeder, der in der Lage war, den Schl\u00e4ger zu halten, war willkommen. Auch die Erfahrung spielte keine Rolle, der Modus war so geplant, dass eher unerfahrene Teilnehmer und Teilnehmerinnen nicht v\u00f6llig auf sich gestellt sein w\u00fcrden.\n<\/p><p>\nDamit war es entschieden, und Verena trug sich in Teilnehmerliste ein.\n<\/p>\n<\/div>\n<\/div>\n<\/div>\n","protected":false},"excerpt":{"rendered":"<p>5. Juli 2022 35 978-3756232758 Books on Demand Eigent&shy;lich ist Mini&shy;golf nur ein Hobby f\u00fcr Verena. Doch als sie die Ein&shy;ladung f\u00fcr ein Turnier sieht, an dem jeder teil&shy;nehmen kann, ist ihr Ehrgeiz geweckt. Weil sie die meisten, die h\u00e4ufi&shy;ger zum Spielen kommen, zumin&shy;dest fl\u00fcch&shy;tig kennt, rechnet sie sich sogar ganz gute Chancen auf einen [&hellip;]<\/p>\n","protected":false},"author":1,"featured_media":0,"parent":0,"menu_order":0,"comment_status":"closed","ping_status":"closed","template":"","meta":{"footnotes":""},"class_list":["post-919","page","type-page","status-publish","hentry"],"_links":{"self":[{"href":"https:\/\/renebote.de\/index.php?rest_route=\/wp\/v2\/pages\/919","targetHints":{"allow":["GET"]}}],"collection":[{"href":"https:\/\/renebote.de\/index.php?rest_route=\/wp\/v2\/pages"}],"about":[{"href":"https:\/\/renebote.de\/index.php?rest_route=\/wp\/v2\/types\/page"}],"author":[{"embeddable":true,"href":"https:\/\/renebote.de\/index.php?rest_route=\/wp\/v2\/users\/1"}],"replies":[{"embeddable":true,"href":"https:\/\/renebote.de\/index.php?rest_route=%2Fwp%2Fv2%2Fcomments&post=919"}],"version-history":[{"count":1,"href":"https:\/\/renebote.de\/index.php?rest_route=\/wp\/v2\/pages\/919\/revisions"}],"predecessor-version":[{"id":920,"href":"https:\/\/renebote.de\/index.php?rest_route=\/wp\/v2\/pages\/919\/revisions\/920"}],"wp:attachment":[{"href":"https:\/\/renebote.de\/index.php?rest_route=%2Fwp%2Fv2%2Fmedia&parent=919"}],"curies":[{"name":"wp","href":"https:\/\/api.w.org\/{rel}","templated":true}]}}