{"id":911,"date":"2024-03-15T14:38:13","date_gmt":"2024-03-15T13:38:13","guid":{"rendered":"https:\/\/renebote.de\/?page_id=911"},"modified":"2024-03-15T14:38:13","modified_gmt":"2024-03-15T13:38:13","slug":"der-cache-von-nebenan","status":"publish","type":"page","link":"https:\/\/renebote.de\/?page_id=911","title":{"rendered":"Der Cache von nebenan"},"content":{"rendered":"\n<dialog id=\"imgFull\" class=\"coverFullsizeDialog\" style=\"display: none;\" onclick=\"hideFullsizeCoverDialog();\" >\n\t<img decoding=\"async\" id=\"coverFullsize\" src=\"\" alt=\"Cover des Buchs Der Cache von nebenan\" \/>\n<\/dialog>\n\n\n\n<div class=\"wp-block-columns is-layout-flex wp-container-core-columns-is-layout-28f84493 wp-block-columns-is-layout-flex\">\n<div class=\"wp-block-column is-layout-flow wp-block-column-is-layout-flow\" style=\"flex-basis:40%\">\n<img decoding=\"async\" id=\"coverPreview\" class=\"coverPreviewBook\" src=\"https:\/\/renebote.de\/wp-content\/uploads\/2024\/02\/Cover-Der-Cache-von-nebenan.webp\" onclick=\"showFullsizeCoverDialog();\" alt=\"Cover des Buchs Der Cache von nebenan\" \/>\n<div class=\"bookPageGeneralInfoContainer\">\n    <div class=\"bookPageEditionsContainer\">\n\t\t\t\t<img decoding=\"async\" src=\"https:\/\/renebote.de\/wp-content\/uploads\/2024\/02\/Ebook.webp\" style=\"width: 100%;\" title=\"Erh\u00e4ltlich als E-Book\" \/>\n    <\/div>\n    <div class=\"bookPageInfoRowsContainer\">\n\t\t<div class=\"bookPageInfoRow\">\n            <img decoding=\"async\" src=\"https:\/\/renebote.de\/wp-content\/uploads\/2024\/02\/Erscheinungstermin.webp\" class=\"bookPageInfoIcon\" title=\"Erscheinungsdatum\" \/>1. Mai 2022\n        <\/div>\n\t\t<div class=\"bookPageInfoRow\">\n            <img decoding=\"async\" src=\"https:\/\/renebote.de\/wp-content\/uploads\/2024\/02\/Seiten.webp\" class=\"bookPageInfoIcon\" title=\"Seiten\" \/>33\n        <\/div>\n\t\t<div class=\"bookPageInfoRow\">\n            <img decoding=\"async\" src=\"https:\/\/renebote.de\/wp-content\/uploads\/2024\/02\/ISBN.webp\" class=\"bookPageInfoIcon\" title=\"ISBN\" \/>978-3756201815\n        <\/div>\n\t\t<div class=\"bookPageInfoRow\">\n            <img decoding=\"async\" src=\"https:\/\/renebote.de\/wp-content\/uploads\/2024\/02\/Verlag.webp\" class=\"bookPageInfoIcon\" title=\"Ver\u00f6ffentlicht bei\" \/>Books on Demand\n        <\/div>\n    <\/div>\n<\/div>\n<div class=\"justifyText marginTop\">\n\t<p>Der Plan f\u00fcr die Geburts&shy;tags&shy;party von Sannes kleinem Bruder steht: Geo&shy;caching im Wald und zum Ab&shy;schluss Grillen. Zusam&shy;men mit ihrer Mutter hat Sanne die Strecke fest&shy;gelegt, Ver&shy;stecke ausge&shy;sucht und R\u00e4tsel erdacht. Ganz sicher werden Kasper und seine Freunde irre viel Spa\u00df haben!\n<\/p>\n<p>Doch dann durch&shy;kreuzt ein scheint&#8217;s wahn&shy;sinni&shy;ger Auto&shy;fahrer die Pl\u00e4ne. Mit einge&shy;gipstem Arm und kaput&shy;tem Knie kann Sannes Mutter weder die Kinder beglei&shy;ten, noch den Grill auf&shy;bauen oder den Tisch decken. Notge&shy;drungen \u00fcber&shy;nimmt Sanne die ganze Verant&shy;wortung, aber allein ist die Feier kaum zu stemmen. Das wei\u00df\u009f auch Sannes Mutter, und sie hat sich bereits um jemanden gek\u00fcm&shy;mert, der Sanne unter&shy;st\u00fctzt. Zum Gl\u00fcck nicht Tante Inga, die Sanne nicht leiden kann, aber der Junge von nebenan w\u00e4re Sanne auch nicht direkt einge&shy;fallen. Trotz&shy;dem ist Nicolai nicht blo\u00df\u009f ein Not&shy;nagel &#8230;<\/p>\n\n<\/div>\n<div class=\"fullWidthRow marginTop\">\n\t<b>E-Book \u20ac0,99<\/b>\n<\/div>\n<div class=\"fullWidthRow noBlockStartMargin\">\n\t<div style=\"width: 30%\";>\n\t\t<a href=\"https:\/\/books.apple.com\/de\/book\/der-cache-von-nebenan\/id1619765378\">\n\t\t\t<img decoding=\"async\" src=\"https:\/\/renebote.de\/wp-content\/uploads\/2024\/02\/Shop-Icon-iBooks.webp\" style=\"width: 100%; cursor: pointer;\" title=\"Link zum iBooks-Shop (Apple)\"\/>\n\t\t<\/a>\n\t<\/div>\t<div style=\"width: 30%\";>\n\t\t<a href=\"https:\/\/www.ebook.de\/de\/product\/42426766\/rene_bote_der_cache_von_nebenan.html\">\n\t\t\t<img decoding=\"async\" src=\"https:\/\/renebote.de\/wp-content\/uploads\/2024\/02\/Shop-Icon-Ebook_de.webp\" style=\"width: 100%; cursor: pointer;\" title=\"Link zum Shop von ebook.de\"\/>\n\t\t<\/a>\n\t<\/div>\t<div style=\"width: 30%\";>\n\t\t<a href=\"https:\/\/www.bod.de\/buchshop\/der-cache-von-nebenan-rene-bote-9783756201815\">\n\t\t\t<img decoding=\"async\" src=\"https:\/\/renebote.de\/wp-content\/uploads\/2024\/02\/Shop-Icon-BoD.webp\" style=\"width: 100%; cursor: pointer;\" title=\"Link zum Shop von BoD\"\/>\n\t\t<\/a>\n\t<\/div>\n<\/div>\n\n<div class=\"justifyText\"><p><b>Autorenplauderei: Geo&shy;caching<\/b><\/p><p>Geo&shy;caching ist eine moderne Version dessen, was fr\u00fchere Genera&shy;tionen als \u201eSchnitzel&shy;jagd\u201c kannten. Anhand von Geo&shy;koordi&shy;naten (das sind Zahlen&shy;kombina&shy;tionen, mit denen sich jeder Punkt auf der Erde exakt angeben l\u00e4sst), wird das Ver&shy;steck eines soge&shy;nannten Caches (im Deut&shy;schen meist \u201eSchatz\u201c genannt) gesucht. In der Regel liegt im Ver&shy;steck ein Notiz&shy;buch, in das man sich als Finder ein&shy;tragen kann, und eine kleine Schatz&shy;kiste mit irgend&shy;welchem Klein&shy;kram. Wer den Cache findet, nimmt sich eine Beloh&shy;nung aus dem Schatz&shy;kist&shy;chen, legt daf\u00fcr aber auch selbst etwas hinein, sodass niemand leer ausgeht. Manch&shy;mal gibt es in einem Cache auch neue Koordi&shy;naten, die den Finder oder die Finde&shy;rin zu einem weite&shy;ren Cache f\u00fchren. <\/p>\n<p>Manche Geo&shy;cacher haben spezi&shy;elle Ger\u00e4te, um sich zu den Koordi&shy;naten f\u00fchren zu lassen, aber Smart&shy;phone-Apps tun es auch, im Prinzip sogar eine normale Navi-App, wenn sie mit Koordi&shy;naten umgehen kann. Wo Caches zu finden sind, kann man auf vielen Inter&shy;net&shy;seiten nach&shy;lesen, auf denen Caches aufge&shy;listet sind, oft nicht nur mit den Koordi&shy;naten, sondern auch mit Be&shy;schrei&shy;bungen des Gel\u00e4n&shy;des und des Weges. Das sollte man sich auf jeden Fall an&shy;gucken, denn manche Ver&shy;stecke sind nicht ganz unge&shy;f\u00e4hr&shy;lich. Auch wenn der Gro\u00df&shy;teil der Geo&shy;cacher, die selbst Caches anlegen, die Ver&shy;stecke mit Bedacht aus&shy;w\u00e4hlt, gibt es leider auch einige, die Caches an ris&shy;kanten Orten ver&shy;stecken, an denen man sich ver&shy;letzen kann, oder an Orten, die eigent&shy;lich nicht betre&shy;ten werden d\u00fcrfen. <\/p>\n<p>Alles in allem ist Geo&shy;caching aber ein perfek&shy;tes Hobby f\u00fcr Leute, die gern drau\u00dfen unter&shy;wegs sind und Spa\u00df daran haben, R\u00e4tsel zu l\u00f6sen.<\/p>\n<\/div>\n<\/div>\n\n\n\n<div class=\"wp-block-column is-layout-flow wp-block-column-is-layout-flow\" style=\"flex-basis:66.66%\">\n<div class=\"justifyText\">\n<p style=\"margin-top: -5px;\">Zwangslage hie\u00df auf Franz\u00f6sisch \u201esituation embarrassante\u201c, ging es Sanne durch den Kopf. Seit acht Wochen lernte sie intensiv Franz\u00f6sisch, seit ihre beste Freundin Lillith sie eingeladen hatte, in den Sommerferien mit ihr zu ihrer Tante in die Provence zu fahren. Zwar hatte sie schon seit drei Jahren Franz\u00f6sisch in der Schule, trotzdem w\u00e4re sie verloren gewesen, wenn sie sich damit h\u00e4tte durchschlagen m\u00fcssen. Ihre Lehrerin war mit den Gedanken meistens woanders und schweifte immer wieder ab, so kam der Kurs mit dem Stoff einfach nicht voran.<\/p>\n<p>Aber wahrscheinlich hatte sich die Frage ohnehin erledigt, obwohl die Karten f\u00fcr den TGV schon gebucht waren und Sanne sogar schon ein paar Sachen bereitgelegt hatte, die sie mitnehmen wollte. Zwei Wochen waren es noch bis zum Beginn der Ferien, und gleich am ersten Ferientag sollte es losgehen. Doch ein Typ, der sich f\u00fcr den K\u00f6nig der Stra\u00dfe hielt, drohte alle Pl\u00e4ne \u00fcber den Haufen zu werfen, ein Gesch\u00e4ftsmann, der sich f\u00fcr zu wichtig hielt, um sich an Regeln zu halten, und die Bu\u00dfgelder f\u00fcr seine Raserei eingepreist hatte.<\/p>\n<p>Aufs Gas zu treten, wenn vor ihm die Ampel von Gr\u00fcn auf Gelb und weiter auf Rot sprang, geh\u00f6rte f\u00fcr ihn offensichtlich zum guten Ton. Doch damit hatte Sannes Mutter unm\u00f6glich rechnen k\u00f6nnen, als sie angesetzt hatte, die Stra\u00dfe zu \u00fcberqueren. Die Fu\u00dfg\u00e4ngerampel hatte bereits Gr\u00fcn gezeigt, der Autoverkehr also ganz sicher l\u00e4ngst Rot gehabt. Nur mit einem Satz r\u00fcckw\u00e4rts hatte Sannes Mutter verhindern k\u00f6nnen, dass der Raser sie erfasste. Es gab genug Zeugen, die gesehen hatten, dass sie garantiert nicht bei Rot und ohne auf den Verkehr zu achten auf die Stra\u00dfe gelaufen war, wie der Typ behauptete.<\/p>\n<p>Mit dem Sprung nach hinten hatte Sannes Mutter einen Zusammensto\u00df vermieden, der f\u00fcr sie leicht t\u00f6dlich h\u00e4tte ausgehen k\u00f6nnen. Vielleicht h\u00e4tte sie sich sogar gar nichts getan, w\u00e4re nicht hinter ihr ein kleines M\u00e4dchen auf seinem Tretroller gewesen, das ebenfalls die Stra\u00dfe \u00fcberqueren wollte. Sannes Mutter war \u00fcber das Kind gest\u00fcrzt, das hatte der Kleinen, die so gerade noch gestoppt worden war, ehe sie unters Auto kommen konnte, vermutlich das Leben gerettet. Bei der Landung auf dem Pflaster hatte Sannes Mutter sich den Arm gebrochen, und das rechte Knie war geprellt, sodass sie auch kaum laufen konnte.<\/p>\n<p>Bis jetzt hatten Sannes Eltern noch nichts davon gesagt, dass der Urlaub mit Lillith ausfallen oder wenigstens verschoben werden m\u00fcsste. Aber Sanne war sicher, dass das noch kommen w\u00fcrde, denn sie merkte ja, wie sehr ihre Hilfe im Haushalt gebraucht wurde. Sie hatte so oder so ihre Aufgaben, aber seit dem Unfall war viel dazugekommen, was sonst nicht in ihre Zust\u00e4ndigkeit fiel: Sie kochte das Essen, wusch W\u00e4sche und erledigte vieles mehr, und das w\u00fcrde mit Beginn der Ferien nicht aufh\u00f6ren. Ihre Mutter w\u00fcrde bis dahin garantiert noch nicht so weit wiederhergestellt sein, dass sie den Haushalt wieder machen konnte.<\/p>\n<p style=\"text-align: center;\">***<\/p>\n<p>Als ihre Mutter Sanne drei Tage nach dem Unfall nachmittags an die Seite nahm, war der anstehende Frankreich-Urlaub noch kein Thema. Stattdessen dr\u00fcckte ein anderes Problem, das z\u00fcgig gekl\u00e4rt werden musste: der Geburtstag von Sannes Bruder. Kasper w\u00fcrde am n\u00e4chsten Tag neun werden, und f\u00fcr den kommenden Samstag war eine Feier mit seinen Freunden geplant. Sannes Mutter stand nun genau vor dem, was Sanne in Gedanken ins Franz\u00f6sische \u00fcbersetzte, n\u00e4mlich dem Dilemma, die Feier entweder um Wochen zu verschieben, vielleicht sogar bis nach den Ferien, damit alle Freunde dabei sein konnten, oder aber Sanne die gesamte Verantwortung aufzub\u00fcrden.<\/p>\n<\/div>\n<\/div>\n<\/div>\n","protected":false},"excerpt":{"rendered":"<p>1. Mai 2022 33 978-3756201815 Books on Demand Der Plan f\u00fcr die Geburts&shy;tags&shy;party von Sannes kleinem Bruder steht: Geo&shy;caching im Wald und zum Ab&shy;schluss Grillen. Zusam&shy;men mit ihrer Mutter hat Sanne die Strecke fest&shy;gelegt, Ver&shy;stecke ausge&shy;sucht und R\u00e4tsel erdacht. Ganz sicher werden Kasper und seine Freunde irre viel Spa\u00df haben! Doch dann durch&shy;kreuzt ein scheint&#8217;s [&hellip;]<\/p>\n","protected":false},"author":1,"featured_media":0,"parent":0,"menu_order":0,"comment_status":"closed","ping_status":"closed","template":"","meta":{"footnotes":""},"class_list":["post-911","page","type-page","status-publish","hentry"],"_links":{"self":[{"href":"https:\/\/renebote.de\/index.php?rest_route=\/wp\/v2\/pages\/911","targetHints":{"allow":["GET"]}}],"collection":[{"href":"https:\/\/renebote.de\/index.php?rest_route=\/wp\/v2\/pages"}],"about":[{"href":"https:\/\/renebote.de\/index.php?rest_route=\/wp\/v2\/types\/page"}],"author":[{"embeddable":true,"href":"https:\/\/renebote.de\/index.php?rest_route=\/wp\/v2\/users\/1"}],"replies":[{"embeddable":true,"href":"https:\/\/renebote.de\/index.php?rest_route=%2Fwp%2Fv2%2Fcomments&post=911"}],"version-history":[{"count":1,"href":"https:\/\/renebote.de\/index.php?rest_route=\/wp\/v2\/pages\/911\/revisions"}],"predecessor-version":[{"id":912,"href":"https:\/\/renebote.de\/index.php?rest_route=\/wp\/v2\/pages\/911\/revisions\/912"}],"wp:attachment":[{"href":"https:\/\/renebote.de\/index.php?rest_route=%2Fwp%2Fv2%2Fmedia&parent=911"}],"curies":[{"name":"wp","href":"https:\/\/api.w.org\/{rel}","templated":true}]}}