{"id":874,"date":"2024-03-13T20:23:09","date_gmt":"2024-03-13T19:23:09","guid":{"rendered":"https:\/\/renebote.de\/?page_id=874"},"modified":"2024-03-20T20:51:41","modified_gmt":"2024-03-20T19:51:41","slug":"11-ducken-sich-nicht-weg","status":"publish","type":"page","link":"https:\/\/renebote.de\/?page_id=874","title":{"rendered":"11 ducken sich nicht weg"},"content":{"rendered":"\n<dialog id=\"imgFull\" class=\"coverFullsizeDialog\" style=\"display: none;\" onclick=\"hideFullsizeCoverDialog();\" >\n\t<img decoding=\"async\" id=\"coverFullsize\" src=\"\" alt=\"Cover des Buchs 11 ducken sich nicht weg\" \/>\n<\/dialog>\n\n\n\n<div class=\"wp-block-columns is-layout-flex wp-container-core-columns-is-layout-28f84493 wp-block-columns-is-layout-flex\">\n<div class=\"wp-block-column is-layout-flow wp-block-column-is-layout-flow\" style=\"flex-basis:40%\">\n<img decoding=\"async\" id=\"coverPreview\" class=\"coverPreviewBook\" src=\"https:\/\/renebote.de\/wp-content\/uploads\/2024\/02\/Cover-11-ducken-sich-nicht-weg.webp\" onclick=\"showFullsizeCoverDialog();\" alt=\"Cover des Buchs 11 ducken sich nicht weg\" \/>\n<div class=\"bookPageGeneralInfoContainer\">\n    <div class=\"bookPageEditionsContainer\">\n\t\t\t\t<img decoding=\"async\" src=\"https:\/\/renebote.de\/wp-content\/uploads\/2024\/02\/Ebook.webp\" style=\"width: 100%;\" title=\"Erh\u00e4ltlich als E-Book\" \/>\n    <\/div>\n    <div class=\"bookPageInfoRowsContainer\">\n\t\t<div class=\"bookPageInfoRow\">\n            <img decoding=\"async\" src=\"https:\/\/renebote.de\/wp-content\/uploads\/2024\/02\/Erscheinungstermin.webp\" class=\"bookPageInfoIcon\" title=\"Erscheinungsdatum\" \/>8. Januar 2021\n        <\/div>\n\t\t<div class=\"bookPageInfoRow\">\n            <img decoding=\"async\" src=\"https:\/\/renebote.de\/wp-content\/uploads\/2024\/02\/Seiten.webp\" class=\"bookPageInfoIcon\" title=\"Seiten\" \/>57\n        <\/div>\n\t\t<div class=\"bookPageInfoRow\">\n            <img decoding=\"async\" src=\"https:\/\/renebote.de\/wp-content\/uploads\/2024\/02\/ISBN.webp\" class=\"bookPageInfoIcon\" title=\"ISBN\" \/>978-3752641325 \n        <\/div>\n\t\t<div class=\"bookPageInfoRow\">\n            <img decoding=\"async\" src=\"https:\/\/renebote.de\/wp-content\/uploads\/2024\/02\/Verlag.webp\" class=\"bookPageInfoIcon\" title=\"Ver\u00f6ffentlicht bei\" \/>Books on Demand\n        <\/div>\n    <\/div>\n<\/div>\n<div class=\"justifyText marginTop\">\n\t<p>Schlech&shy;te Nach&shy;richten f\u00fcr die Fu\u00df&shy;balle&shy;rinnen von der Ball&shy;freunde-M\u00e4dchen&shy;mann&shy;schaft: Traine&shy;rin Elena muss f\u00fcr einige Wochen pausie&shy;ren. Ihr Ver&shy;treter sorgt f\u00fcr heil&shy;loses Chaos, und zum Dank daf\u00fcr, dass sie das Spiel gegen den Vor&shy;letzten trotz&shy;dem noch gewin&shy;nen, werden die M\u00e4dchen auch noch ausge&shy;zankt. Klar, dass sie sich das nicht gefal&shy;len lassen, und Kapi&shy;t\u00e4nin Sophie hat bald den Ver&shy;dacht, das hinter dem Ver&shy;halten des Aus&shy;hilfs&shy;trai&shy;ners mehr steckt als Plan&shy;losig&shy;keit und Stur&shy;heit.<\/p>\n\n<\/div>\n<div class=\"fullWidthRow marginTop\">\n\t<b>E-Book \u20ac1,49<\/b>\n<\/div>\n<div class=\"fullWidthRow noBlockStartMargin\">\n\t<div style=\"width: 30%\";>\n\t\t<a href=\"https:\/\/books.apple.com\/de\/book\/11-ducken-sich-nicht-weg\/id1546718437\">\n\t\t\t<img decoding=\"async\" src=\"https:\/\/renebote.de\/wp-content\/uploads\/2024\/02\/Shop-Icon-iBooks.webp\" style=\"width: 100%; cursor: pointer;\" title=\"Link zum iBooks-Shop (Apple)\"\/>\n\t\t<\/a>\n\t<\/div>\t<div style=\"width: 30%\";>\n\t\t<a href=\"https:\/\/www.ebook.de\/de\/product\/40097077\/rene_bote_11_ducken_sich_nicht_weg.html\">\n\t\t\t<img decoding=\"async\" src=\"https:\/\/renebote.de\/wp-content\/uploads\/2024\/02\/Shop-Icon-Ebook_de.webp\" style=\"width: 100%; cursor: pointer;\" title=\"Link zum Shop von ebook.de\"\/>\n\t\t<\/a>\n\t<\/div>\t<div style=\"width: 30%\";>\n\t\t<a href=\"https:\/\/www.bod.de\/buchshop\/11-ducken-sich-nicht-weg-rene-bote-9783752641325\">\n\t\t\t<img decoding=\"async\" src=\"https:\/\/renebote.de\/wp-content\/uploads\/2024\/02\/Shop-Icon-BoD.webp\" style=\"width: 100%; cursor: pointer;\" title=\"Link zum Shop von BoD\"\/>\n\t\t<\/a>\n\t<\/div>\n<\/div>\n\n<div style=\"width: 100%; min-height: 50px; display: flex; flex-direction: row; border: 2px solid red; border-radius: 8px; cursor: pointer;\" onclick=\"window.location.href='https:\/\/renebote.de\/?page_id=429';\">\n    <div style=\"width: 50px; height: 100%;\">\n        <img decoding=\"async\" src=\"https:\/\/renebote.de\/wp-content\/uploads\/2024\/03\/Serienlogo-Ballfreunde-Maedchen.webp\" style=\"width: 40px; height: 40px; margin: calc((100% - 40px) \/ 2) 5px calc((100% - 40px) \/ 2) 5px;\">\n    <\/div>\n\n    <div style=\"width: calc(100% - 50px;); height: 100%; display: flex; flex-direction: column; justify-content: center;\">\n        <div style=\"color: red\">\n            <b>Zur Serienseite<\/b>\n        <\/div>\n\n        <div style=\"color: red; font-size: 0.7em;\">\n            Das Buch geh\u00f6rt zur Serie <i>Die Ballfreunde-M\u00e4dchen<\/i>\n        <\/div>\n    <\/div>\n<\/div>\n\n<div class=\"justifyText\"><p><b>Autorenplauderei: Von Autor zu Autor<\/b><\/p><p>An diesem Buch habe ich eine Weile gekno&shy;belt. Die Grund&shy;z\u00fcge der Ge&shy;schichte hatte ich schon l\u00e4nger, aber es hat noch ein Puzzle&shy;st\u00fcck gefehlt, ehe ich mit dem Schrei&shy;ben begin&shy;nen konnte. Gut, wenn einen in solchen Situa&shy;tionen andere Autoren unter&shy;st\u00fctzen! Manch&shy;mal hilft einem ein kleiner Tipp eine Menge weiter, danke an alle, die da uneigen&shy;n\u00fctzig weiter&shy;helfen. <\/p>\n<\/div>\n<\/div>\n\n\n\n<div class=\"wp-block-column is-layout-flow wp-block-column-is-layout-flow\" style=\"flex-basis:66.66%\">\n<div class=\"justifyText\">\n<p style=\"margin-top: -5px;\">Die Hallensaison liegt hinter uns, und ich glaube, mit unserem Abschneiden k\u00f6nnen wir zufrieden sein. Unser eigenes Turnier konnten wir im Dezember gewinnen, obwohl man uns kaum vorwerfen kann, wir h\u00e4tten uns nur Kanonenfutter eingeladen, und unseren Titel als Hallenstadtmeister haben wir auch verteidigt. Bei der Hallenkreismeisterschaft hat sich dann der FC im Halbfinale etwas gl\u00fccklich f\u00fcr die Finalniederlage bei der Stadtmeisterschaft revanchiert, aber der dritte Platz ist bei diesem Wettbewerb immer noch ein tolles Ergebnis.<\/p>\n<p>Nach einer Woche Zwangspause \u2013 der Platz war noch gesperrt \u2013 bereiten wir uns jetzt auf die R\u00fcckrunde in der Liga vor, die am letzten Januar-Wochenende beginnt. Auch da k\u00f6nnen wir bis jetzt sehr zufrieden sein: Obwohl der eine oder andere uns vor der Saison prophezeit hat, wir k\u00f6nnten den Wechsel von gleich f\u00fcnf Spielerinnen zu den Damen nicht auffangen und w\u00fcrden in den unteren Tabellenregionen rumd\u00fcmpeln, stehen wir aktuell auf dem 3. Platz. Wenn man bedenkt, dass wir wirklich mit den j\u00fcngsten Kader der Liga haben, dann spielen wir bis jetzt eine \u00fcberragende Saison, und die beiden Mannschaften, die im Moment vor uns stehen, sind mit ganz anderen Voraussetzungen gestartet. Der FC hat vor der Saison massiv mit dem angepeilten Aufstieg in die Bezirksliga geworben und konnte auf diese Weise tats\u00e4chlich zwei oder drei gute Spielerinnen von anderen Vereinen locken. Bei unserer Torh\u00fcterin Martha, meiner Meinung nach die beste der Stadt, haben sie\u2019s ja auch versucht, aber ihr sind Freundschaft und Zusammengeh\u00f6rigkeit wichtiger. Trotzdem f\u00fchrt der FC die Tabelle an, vor der JSG aus der Nachbarstadt, die ebenfalls \u00fcber einen breiten und gut besetzten Kader verf\u00fcgt. Die JSG profitiert davon, dass sie eigentlich aus zwei Vereinen mit gro\u00dfer Jugendabteilung besteht: Durch den Abriss einer maroden Platzanlage m\u00fcssen sie sich seit dem Sommer eine Anlage teilen und haben direkt die Jugendmannschaften zusammengelegt. Die erste M\u00e4dchenmannschaft kann sich seitdem die Spielerinnen aussuchen und besteht dementsprechend \u00fcberwiegend aus \u00e4lteren Jahrg\u00e4ngen und dazu einigen wenigen j\u00fcngeren, die mit ihren technischen F\u00e4higkeiten k\u00f6rperliche Nachteile ausgleichen k\u00f6nnen.<\/p>\n<p style=\"text-align: center;\">***<\/p>\n<p>Nach einem 2:0 zum R\u00fcckrundenauftakt bei der Eintracht sind wir im zweiten Spiel bei Wacker zu Gast, wo in dieser Saison erstmals eine M\u00e4dchenmannschaft an den Start geht; das gilt zumindest f\u00fcr die Zeit, an die ich mich entsinnen kann. Sie stehen gar nicht schlecht da, mit zwei Spielerinnen, die beim hochger\u00fcsteten FC keine Perspektive mehr gesehen haben, und ein paar M\u00e4dchen, deren Fu\u00dfball-AG in der Schule dem Rotstift zum Opfer gefallen ist, haben sie einen guten Grundstock. Die Hinrunde haben sie als Siebte beendet, und es sollte mich nicht wundern, wenn sie in der zweiten H\u00e4lfte der Saison noch den einen oder anderen Platz gutmachen.<\/p>\n<p>Trotzdem sind wir in der Favoritenrolle, und wir werden uns h\u00fcten, Wacker zu untersch\u00e4tzen. Defensiv sind wir im Vergleich zum Hinspiel besser besetzt, damals war Svea bei ihrem Vater in Hamburg, und Louisa war nach ihrem Wechsel von TuRa zu uns noch gesperrt. Daf\u00fcr m\u00fcssen wir vorne auf unsere beste St\u00fcrmerin verzichten: Jenny ist zwar mitgefahren und zieht sich auch um, will aber nur spielen, wenn wir sie wirklich brauchen. Sie hatte unter der Woche Magen-Darm und hat auch beim Training gefehlt. Inzwischen ist sie wieder einigerma\u00dfen fit, aber eben noch nicht ganz. Verena r\u00fcckt von der rechten Au\u00dfenbahn in die Spitze, Paula nimmt daf\u00fcr ihre Position ein.<\/p>\n<p style=\"text-align: center;\">***<\/p>\n<p>Am Ende steht f\u00fcr uns ein klarer 3:0-Sieg, wobei der fr\u00fche F\u00fchrungstreffer, von dem Wacker sich dann nicht mehr so richtig erholt hat, ein Geschenk war. Den Handelfmeter, den ich zum 1:0 verwandelt hab, muss man nach den neuen Regeln pfeifen, aber ob man die Regel gut finden muss, steht auf einem anderen Blatt. Paula hat die Geschichte mit einer Flanke eingeleitet, die allerdings f\u00fcr Verena zu hoch war. Auch die Verteidigerin ist nicht drangekommen und wollte sich noch beim Landen umdrehen, weil sie wusste, dass Kitty, unsere Linksau\u00dfen, irgendwo hinter ihr steht. Nat\u00fcrlich geht dabei der Arm hoch und vom K\u00f6rper weg, und damit sind nun mal die neuen Kriterien f\u00fcr einen Handelfmeter erf\u00fcllt. Als noch Absicht oder nicht Absicht die entscheidende Frage war, h\u00e4tte das kein Schiedsrichter gepfiffen, der noch alle Latten am Zaun hat.<\/p>\n<p>Damit war die Taktik von Wacker gr\u00fcndlich durchkreuzt. Ich glaube, sie wollten uns eigentlich erst mal kommen lassen, hinten den Laden zusammenhalten und darauf lauern, dass wir leichtsinnig werden. Durch den fr\u00fchen Gegentreffer mussten sie mehr nach vorne machen, und wir sind nicht mehr gegen eine Betonwand angerannt. Verena hat dann Mitte der ersten Halbzeit das 2:0 nachgelegt, ein ganz unspektakul\u00e4res Ding nach einem Steilpass unserer \u00f6sterreichisch-irischen Spielmacherin Siobh\u00e1n, und damit war die Sache im Prinzip durch. Der dritte Treffer war ein klassischer Konter, den Jenny abgeschlossen hat. Sie zu bringen, war absolut nicht notwendig, aber ein paar Minuten wollten sie dann doch gerne spielen.<\/p>\n<p>Unsere Stimmung k\u00f6nnte also bestens sein auf dem Heimweg, aber leider beschlie\u00dft Elena, unsere Trainerin, die kurze Besprechung nach dem Spiel mit einer unsch\u00f6nen Neuigkeit: Sie wird uns in den n\u00e4chsten vier Wochen nicht trainieren k\u00f6nnen. In dieser Zeit soll an ihrer Uni eine Veranstaltung in kompakter Form nachgeholt werden, die im letzten Semester ausgefallen ist, weil der Dozent krank war. Elena braucht den Schein, und sie will sich nicht darauf verlassen, ihn im kommenden Semester zus\u00e4tzlich zu allen anderen Kursen machen zu k\u00f6nnen. Wenn\u2019s ganz dumm l\u00e4uft, steckt sie irgendwann fest und muss ein Semester zus\u00e4tzlich machen wegen eines Scheins, den sie nicht hat, das will sie nat\u00fcrlich nicht riskieren. Ist ja auch eine Frage des Geldes, je l\u00e4nger sie f\u00fcrs Studium braucht, desto sp\u00e4ter kann sie anfangen zu arbeiten und Geld zu verdienen.<\/p>\n<p>Damit wir in der Zeit trotzdem trainieren k\u00f6nnen und die Spiele nicht verlegt werden m\u00fcssen, hat sie zusammen mit unserem Jugendleiter eine Vertretung gesucht. Das war wohl gar nicht so leicht, die Spielerinnen aus der Damenmannschaft wollten nicht oder hatten keine Zeit, und auch von den Senioren oder den Alten Herren keiner. Am Ende haben sie einen ehemaligen Trainer der 1. Mannschaft reaktiviert, den Vor-Vor(-und-ganz-lange-so-weiter)-Vorg\u00e4nger von Karsten Freese, der heute das Bezirksliga-Team trainiert. Die vielen \u201eVor\u201c liegen nicht daran, dass unsere Erste einen hohen Trainerverschlei\u00df h\u00e4tte, sondern daran, dass an mich noch nicht mal zu denken war, als Hans-Werner Brandt sie trainiert hat.<\/p>\n<\/div>\n<\/div>\n<\/div>\n","protected":false},"excerpt":{"rendered":"<p>8. Januar 2021 57 978-3752641325 Books on Demand Schlech&shy;te Nach&shy;richten f\u00fcr die Fu\u00df&shy;balle&shy;rinnen von der Ball&shy;freunde-M\u00e4dchen&shy;mann&shy;schaft: Traine&shy;rin Elena muss f\u00fcr einige Wochen pausie&shy;ren. Ihr Ver&shy;treter sorgt f\u00fcr heil&shy;loses Chaos, und zum Dank daf\u00fcr, dass sie das Spiel gegen den Vor&shy;letzten trotz&shy;dem noch gewin&shy;nen, werden die M\u00e4dchen auch noch ausge&shy;zankt. Klar, dass sie sich das nicht [&hellip;]<\/p>\n","protected":false},"author":1,"featured_media":0,"parent":0,"menu_order":0,"comment_status":"closed","ping_status":"closed","template":"","meta":{"footnotes":""},"class_list":["post-874","page","type-page","status-publish","hentry"],"_links":{"self":[{"href":"https:\/\/renebote.de\/index.php?rest_route=\/wp\/v2\/pages\/874","targetHints":{"allow":["GET"]}}],"collection":[{"href":"https:\/\/renebote.de\/index.php?rest_route=\/wp\/v2\/pages"}],"about":[{"href":"https:\/\/renebote.de\/index.php?rest_route=\/wp\/v2\/types\/page"}],"author":[{"embeddable":true,"href":"https:\/\/renebote.de\/index.php?rest_route=\/wp\/v2\/users\/1"}],"replies":[{"embeddable":true,"href":"https:\/\/renebote.de\/index.php?rest_route=%2Fwp%2Fv2%2Fcomments&post=874"}],"version-history":[{"count":2,"href":"https:\/\/renebote.de\/index.php?rest_route=\/wp\/v2\/pages\/874\/revisions"}],"predecessor-version":[{"id":995,"href":"https:\/\/renebote.de\/index.php?rest_route=\/wp\/v2\/pages\/874\/revisions\/995"}],"wp:attachment":[{"href":"https:\/\/renebote.de\/index.php?rest_route=%2Fwp%2Fv2%2Fmedia&parent=874"}],"curies":[{"name":"wp","href":"https:\/\/api.w.org\/{rel}","templated":true}]}}