{"id":783,"date":"2024-03-09T14:49:04","date_gmt":"2024-03-09T13:49:04","guid":{"rendered":"https:\/\/renebote.de\/?page_id=783"},"modified":"2024-03-09T14:49:04","modified_gmt":"2024-03-09T13:49:04","slug":"stille-post-am-checkpoint-charlie","status":"publish","type":"page","link":"https:\/\/renebote.de\/?page_id=783","title":{"rendered":"Stille Post am Checkpoint Charlie"},"content":{"rendered":"\n<dialog id=\"imgFull\" class=\"coverFullsizeDialog\" style=\"display: none;\" onclick=\"hideFullsizeCoverDialog();\" >\n\t<img decoding=\"async\" id=\"coverFullsize\" src=\"\" alt=\"Cover des Buchs Stille Post am Checkpoint Charlie\" \/>\n<\/dialog>\n\n\n\n<div class=\"wp-block-columns is-layout-flex wp-container-core-columns-is-layout-28f84493 wp-block-columns-is-layout-flex\">\n<div class=\"wp-block-column is-layout-flow wp-block-column-is-layout-flow\" style=\"flex-basis:40%\">\n<img decoding=\"async\" id=\"coverPreview\" class=\"coverPreviewBook\" src=\"https:\/\/renebote.de\/wp-content\/uploads\/2024\/02\/Cover-Stille-Post-am-Checkpoint-Charlie.webp\" onclick=\"showFullsizeCoverDialog();\" alt=\"Cover des Buchs Stille Post am Checkpoint Charlie\" \/>\n<div class=\"bookPageGeneralInfoContainer\">\n    <div class=\"bookPageEditionsContainer\">\n\t\t\t\t<img decoding=\"async\" src=\"https:\/\/renebote.de\/wp-content\/uploads\/2024\/02\/Ebook.webp\" style=\"width: 100%;\" title=\"Erh\u00e4ltlich als E-Book\" \/>\n    <\/div>\n    <div class=\"bookPageInfoRowsContainer\">\n\t\t<div class=\"bookPageInfoRow\">\n            <img decoding=\"async\" src=\"https:\/\/renebote.de\/wp-content\/uploads\/2024\/02\/Erscheinungstermin.webp\" class=\"bookPageInfoIcon\" title=\"Erscheinungsdatum\" \/>30. Juni 2018\n        <\/div>\n\t\t<div class=\"bookPageInfoRow\">\n            <img decoding=\"async\" src=\"https:\/\/renebote.de\/wp-content\/uploads\/2024\/02\/Seiten.webp\" class=\"bookPageInfoIcon\" title=\"Seiten\" \/>22\n        <\/div>\n\t\t<div class=\"bookPageInfoRow\">\n            <img decoding=\"async\" src=\"https:\/\/renebote.de\/wp-content\/uploads\/2024\/02\/ISBN.webp\" class=\"bookPageInfoIcon\" title=\"ISBN\" \/>978-3752806182 \n        <\/div>\n\t\t<div class=\"bookPageInfoRow\">\n            <img decoding=\"async\" src=\"https:\/\/renebote.de\/wp-content\/uploads\/2024\/02\/Verlag.webp\" class=\"bookPageInfoIcon\" title=\"Ver\u00f6ffentlicht bei\" \/>Books on Demand\n        <\/div>\n    <\/div>\n<\/div>\n<div class=\"justifyText marginTop\">\n\t<p>Mit Matti ins Museum? Was er erz\u00e4hlt, h\u00f6rt sich auf jeden Fall spannend an. Doch da sind auch noch die anderen &ndash; viel&shy;leicht doch besser ver&shy;zichten, damit gar nicht erst Ger\u00fcchte auf&shy;kommen? Aber Stella hat ihren eigenen Kopf, und eigent&shy;lich ist ihr v\u00f6llig egal, ob sie f\u00fcr den Rest der Klassen&shy;fahrt im Mittel&shy;punkt des Geredes steht.<\/p>\n<\/div>\n<div class=\"fullWidthRow marginTop\">\n\t<b>E-Book \u20ac0,99<\/b>\n<\/div>\n<div class=\"fullWidthRow noBlockStartMargin\">\n\t<div style=\"width: 30%\";>\n\t\t<a href=\"https:\/\/books.apple.com\/de\/book\/stille-post-am-checkpoint-charlie\/id1398806651\">\n\t\t\t<img decoding=\"async\" src=\"https:\/\/renebote.de\/wp-content\/uploads\/2024\/02\/Shop-Icon-iBooks.webp\" style=\"width: 100%; cursor: pointer;\" title=\"Link zum iBooks-Shop (Apple)\"\/>\n\t\t<\/a>\n\t<\/div>\t<div style=\"width: 30%\";>\n\t\t<a href=\"https:\/\/www.ebook.de\/de\/product\/33458033\/rene_bote_stille_post_am_checkpoint_charlie.html\">\n\t\t\t<img decoding=\"async\" src=\"https:\/\/renebote.de\/wp-content\/uploads\/2024\/02\/Shop-Icon-Ebook_de.webp\" style=\"width: 100%; cursor: pointer;\" title=\"Link zum Shop von ebook.de\"\/>\n\t\t<\/a>\n\t<\/div>\t<div style=\"width: 30%\";>\n\t\t<a href=\"https:\/\/www.bod.de\/buchshop\/stille-post-am-checkpoint-charlie-rene-bote-9783752806182\">\n\t\t\t<img decoding=\"async\" src=\"https:\/\/renebote.de\/wp-content\/uploads\/2024\/02\/Shop-Icon-BoD.webp\" style=\"width: 100%; cursor: pointer;\" title=\"Link zum Shop von BoD\"\/>\n\t\t<\/a>\n\t<\/div>\n<\/div>\n\n<div class=\"justifyText\"><p><b>Autorenplauderei<\/b><\/p><p>Mich hat es vor ein paar Wochen f\u00fcr einige Tage nach Berlin ver&shy;schlagen. Viel Zeit f\u00fcr Museen und Rund&shy;g\u00e4nge hatte ich zwar nicht, aber ein bisschen was habe ich doch gesehen und dabei die Idee zu dieser Ge&shy;schichte ent&shy;wickelt.<\/p>\n<\/div>\n<\/div>\n\n\n\n<div class=\"wp-block-column is-layout-flow wp-block-column-is-layout-flow\" style=\"flex-basis:66.66%\">\n<div class=\"justifyText\">\n<p style=\"margin-top: -5px;\">Frau Markel war Lehrerin aus Leidenschaft. Ihr lag daran, ihren Sch\u00fclern alles mit auf den Weg zu geben, was sie brauchten, um gut durchs Leben zu kommen. Sie unterrichtete Deutsch, Geschichte und Erdkunde, und eigentlich war der Unterricht bei ihr nicht schlecht. Sie wusste, wovon sie sprach, und konnte anschaulich erkl\u00e4ren. Es gab nur wenige wirklich staubtrockene Themen, bei denen sie sich schwertat, sie spannend zu gestalten. Die Jungen und M\u00e4dchen aus der 7c, die sie derzeit als Klassenlehrerin in Deutsch und Geschichte unterrichtete, waren zufrieden.<\/p>\n<p>Aber man konnte auch zu viel des Guten bekommen, und auf der Klassenfahrt nach Berlin wurde es dem einen oder anderen irgendwann tats\u00e4chlich zu viel. Die Klasse war am Montagmittag mit dem Bus angekommen, nach f\u00fcnf Stunden Fahrt, und noch vor dem Einchecken im Hostel hatten sie eine Stadtrundfahrt mit einem der Busse gemacht, die st\u00e4ndig f\u00fcr Touristen durch die Stadt kreisten. F\u00fcr den Nachmittag hatte Frau Markel eine F\u00fchrung durch das Museum <i>Topografie des Terrors<\/i> gebucht, und nach dem Abendessen hatte sie vom Hostel aus noch einen Spaziergang zum Haus des Bundesrates mit der Klasse gemacht.<\/p>\n<p>Auch der Dienstag war gesteckt voll gewesen mit Besichtigungen und F\u00fchrungen. Den Jungen und M\u00e4dchen schwirrte der Kopf von so vielen Informationen, und die Kilometer hatten sich \u00fcber den Tag auch zusammengel\u00e4ppert.<\/p>\n<p>Erst am Mittwoch gab es eine kleine Erholungspause, der Vormittag war zur freien Verf\u00fcgung. Frau Markel behauptete, dass sie das Programm nicht zu voll packen wollte, aber die Sch\u00fcler waren \u00fcberzeugt, dass sie nur nichts gefunden hatte, was sie ihnen zeigen konnte. Entweder hatte sie nirgends mehr einen Termin bekommen, oder nur bei Sachen, die nicht zu erreichen waren.. Der Busfahrer legte seinen vorgeschriebenen Ruhetag ein, weit raus konnte die Klasse also nicht. Damit der Vormittag trotzdem nicht einfach vergeudet wurde, legte sie den Sch\u00fclern einige Orte ans Herz, die sie sich anschauen konnten.<\/p>\n<p>Nat\u00fcrlich w\u00fcrden die Siebtkl\u00e4ssler genau diese Orte so gut wie m\u00f6glich meiden. Sie hatten bereits eine \u00dcberdosis Geschichte bekommen und waren froh, endlich mal etwas anderes zu h\u00f6ren und zu sehen. Allenfalls w\u00fcrden sie einen Punkt herauspicken, den sie sich kurz anschauten, damit sie etwas vorzuweisen hatten, wenn Frau Markel sich mittags erkundigte, was sie sich angesehen hatten. Einige w\u00fcrden sich nicht mal diese M\u00fche machen und blo\u00df ein paar Alibi-Infos googeln.<\/p>\n<p>Und dann gab es noch mindestens einen, den nicht die Bohne interessierte, was die Lehrerin sagen w\u00fcrde, wenn er ihre Vorschl\u00e4ge komplett ignorierte: Matti.<\/p>\n<\/div>\n<\/div>\n<\/div>\n","protected":false},"excerpt":{"rendered":"<p>30. Juni 2018 22 978-3752806182 Books on Demand Mit Matti ins Museum? Was er erz\u00e4hlt, h\u00f6rt sich auf jeden Fall spannend an. Doch da sind auch noch die anderen &ndash; viel&shy;leicht doch besser ver&shy;zichten, damit gar nicht erst Ger\u00fcchte auf&shy;kommen? Aber Stella hat ihren eigenen Kopf, und eigent&shy;lich ist ihr v\u00f6llig egal, ob sie f\u00fcr [&hellip;]<\/p>\n","protected":false},"author":1,"featured_media":0,"parent":0,"menu_order":0,"comment_status":"closed","ping_status":"closed","template":"","meta":{"footnotes":""},"class_list":["post-783","page","type-page","status-publish","hentry"],"_links":{"self":[{"href":"https:\/\/renebote.de\/index.php?rest_route=\/wp\/v2\/pages\/783","targetHints":{"allow":["GET"]}}],"collection":[{"href":"https:\/\/renebote.de\/index.php?rest_route=\/wp\/v2\/pages"}],"about":[{"href":"https:\/\/renebote.de\/index.php?rest_route=\/wp\/v2\/types\/page"}],"author":[{"embeddable":true,"href":"https:\/\/renebote.de\/index.php?rest_route=\/wp\/v2\/users\/1"}],"replies":[{"embeddable":true,"href":"https:\/\/renebote.de\/index.php?rest_route=%2Fwp%2Fv2%2Fcomments&post=783"}],"version-history":[{"count":1,"href":"https:\/\/renebote.de\/index.php?rest_route=\/wp\/v2\/pages\/783\/revisions"}],"predecessor-version":[{"id":784,"href":"https:\/\/renebote.de\/index.php?rest_route=\/wp\/v2\/pages\/783\/revisions\/784"}],"wp:attachment":[{"href":"https:\/\/renebote.de\/index.php?rest_route=%2Fwp%2Fv2%2Fmedia&parent=783"}],"curies":[{"name":"wp","href":"https:\/\/api.w.org\/{rel}","templated":true}]}}