{"id":780,"date":"2024-03-09T14:35:59","date_gmt":"2024-03-09T13:35:59","guid":{"rendered":"https:\/\/renebote.de\/?page_id=780"},"modified":"2024-03-09T14:35:59","modified_gmt":"2024-03-09T13:35:59","slug":"obstsammlerherz","status":"publish","type":"page","link":"https:\/\/renebote.de\/?page_id=780","title":{"rendered":"Obstsammlerherz"},"content":{"rendered":"\n<dialog id=\"imgFull\" class=\"coverFullsizeDialog\" style=\"display: none;\" onclick=\"hideFullsizeCoverDialog();\" >\n\t<img decoding=\"async\" id=\"coverFullsize\" src=\"\" alt=\"Cover des Buchs Obstsammlerherz\" \/>\n<\/dialog>\n\n\n\n<div class=\"wp-block-columns is-layout-flex wp-container-core-columns-is-layout-28f84493 wp-block-columns-is-layout-flex\">\n<div class=\"wp-block-column is-layout-flow wp-block-column-is-layout-flow\" style=\"flex-basis:40%\">\n<img decoding=\"async\" id=\"coverPreview\" class=\"coverPreviewBook\" src=\"https:\/\/renebote.de\/wp-content\/uploads\/2024\/02\/Cover-Obstsammlerherz.webp\" onclick=\"showFullsizeCoverDialog();\" alt=\"Cover des Buchs Obstsammlerherz\" \/>\n<div class=\"bookPageGeneralInfoContainer\">\n    <div class=\"bookPageEditionsContainer\">\n\t\t\t\t<img decoding=\"async\" src=\"https:\/\/renebote.de\/wp-content\/uploads\/2024\/02\/Ebook.webp\" style=\"width: 100%;\" title=\"Erh\u00e4ltlich als E-Book\" \/>\n    <\/div>\n    <div class=\"bookPageInfoRowsContainer\">\n\t\t<div class=\"bookPageInfoRow\">\n            <img decoding=\"async\" src=\"https:\/\/renebote.de\/wp-content\/uploads\/2024\/02\/Erscheinungstermin.webp\" class=\"bookPageInfoIcon\" title=\"Erscheinungsdatum\" \/>28. April 2018\n        <\/div>\n\t\t<div class=\"bookPageInfoRow\">\n            <img decoding=\"async\" src=\"https:\/\/renebote.de\/wp-content\/uploads\/2024\/02\/Seiten.webp\" class=\"bookPageInfoIcon\" title=\"Seiten\" \/>29\n        <\/div>\n\t\t<div class=\"bookPageInfoRow\">\n            <img decoding=\"async\" src=\"https:\/\/renebote.de\/wp-content\/uploads\/2024\/02\/ISBN.webp\" class=\"bookPageInfoIcon\" title=\"ISBN\" \/>978-3752835021 \n        <\/div>\n\t\t<div class=\"bookPageInfoRow\">\n            <img decoding=\"async\" src=\"https:\/\/renebote.de\/wp-content\/uploads\/2024\/02\/Verlag.webp\" class=\"bookPageInfoIcon\" title=\"Ver\u00f6ffentlicht bei\" \/>Books on Demand\n        <\/div>\n    <\/div>\n<\/div>\n<div class=\"justifyText marginTop\">\n\t<p>Im Garten ran&shy;klotzen, w\u00e4hrend alle anderen im Freibad sind? Linus hat keine Wahl, die Nach&shy;barn be&shy;schweren sich schon \u00fcber den Wild&shy;wuchs. Da ist die uner&shy;wartete Hilfe nat\u00fcr&shy;lich sehr will&shy;kommen, aber trotz&shy;dem: Warum macht Annika das frei&shy;willig?<\/p>\n<\/div>\n<div class=\"fullWidthRow marginTop\">\n\t<b>E-Book \u20ac0,49<\/b>\n<\/div>\n<div class=\"fullWidthRow noBlockStartMargin\">\n\t<div style=\"width: 30%\";>\n\t\t<a href=\"https:\/\/books.apple.com\/de\/book\/obstsammlerherz\/id1375531232\">\n\t\t\t<img decoding=\"async\" src=\"https:\/\/renebote.de\/wp-content\/uploads\/2024\/02\/Shop-Icon-iBooks.webp\" style=\"width: 100%; cursor: pointer;\" title=\"Link zum iBooks-Shop (Apple)\"\/>\n\t\t<\/a>\n\t<\/div>\t<div style=\"width: 30%\";>\n\t\t<a href=\"https:\/\/www.ebook.de\/de\/product\/33030576\/rene_bote_obstsammlerherz.html\">\n\t\t\t<img decoding=\"async\" src=\"https:\/\/renebote.de\/wp-content\/uploads\/2024\/02\/Shop-Icon-Ebook_de.webp\" style=\"width: 100%; cursor: pointer;\" title=\"Link zum Shop von ebook.de\"\/>\n\t\t<\/a>\n\t<\/div>\t<div style=\"width: 30%\";>\n\t\t<a href=\"https:\/\/www.bod.de\/buchshop\/obstsammlerherz-rene-bote-9783752835021\">\n\t\t\t<img decoding=\"async\" src=\"https:\/\/renebote.de\/wp-content\/uploads\/2024\/02\/Shop-Icon-BoD.webp\" style=\"width: 100%; cursor: pointer;\" title=\"Link zum Shop von BoD\"\/>\n\t\t<\/a>\n\t<\/div>\n<\/div>\n\n<div class=\"justifyText\"><p><b>Autorenplauderei<\/b><\/p><p>Diese Ge&shy;schichte ist bereit im letzten Sommer ent&shy;standen. Was mir fehlte, waren aber ein passender Titel und ein brauch&shy;bares Cover. Da l\u00e4sst sich schwer eine Idee erzwingen, deshalb habe ich das auch gar nicht ver&shy;sucht und die Ge&shy;schichte einfach ruhen lassen und immer wieder mal zwischen&shy;durch gelesen, bis die ersten Ein&shy;f\u00e4lle sich ent&shy;wickelt haben.<\/p>\n<\/div>\n<\/div>\n\n\n\n<div class=\"wp-block-column is-layout-flow wp-block-column-is-layout-flow\" style=\"flex-basis:66.66%\">\n<div class=\"justifyText\">\n<p style=\"margin-top: -5px;\">Linus\u2019 Handy gab einen kurzen Signalton von sich: Es hatte eine Kurznachricht empfangen. <i>Was ist los?<\/i>, textete Annika, eines der beiden M\u00e4dchen aus der Gruppe von einem halben Dutzend Leuten aus seiner Klasse, mit denen er eigentlich f\u00fcr diesen Nachmittag zum Schwimmen verabredet gewesen war. Eigentlich, denn er hatte kurzfristig absagen m\u00fcssen; der Garten seiner Gro\u00dfeltern schrie nach einer ordnenden Hand, und Linus war im Augenblick der Einzige, der daf\u00fcr in Frage kam. Sein Gro\u00dfvater hatte sich vor zweieinhalb Wochen das Bein gebrochen, da war an Gartenarbeit nicht zu denken, und die Gro\u00dfmutter musste sich um ihn und den Haushalt k\u00fcmmern. Linus\u2019 Mutter musste arbeiten, sie war bei einem Pflegedienst besch\u00e4ftigt, und bis zum Wochenende konnte der Garten nicht mehr warten. Die Nachbarn beschwerten sich schon, weil Gras und Ranken durch den Zaun wucherten, und Fallobst von den beiden Pflaumenb\u00e4umen und dem gro\u00dfen Birnbaum lockte angeblich Schnecken und Wespen an.<\/p>\n<p>Linus kannte die Gartennachbarn seiner Gro\u00dfeltern. Die auf der einen Seite waren nett, sie hatten eine kleine Terrasse und sonst nur Gem\u00fcsebeete, zwischen denen ihr kleiner Hund mit Wonne herumtobte. Mit denen gab es bestimmt keine Probleme, daf\u00fcr aber mit denen auf der anderen Seite. Das waren Spie\u00dfer, wie sie im Buche standen, der Garten musste immer aussehen wie geleckt, und sowie ein H\u00e4lmchen eine Winzigkeit aus der Reihe tanzte, wurde es gleich mit Pr\u00e4zisionswerkzeug der teuren Gartenmarke zur Ordnung gerufen. Da hatte es schon manche Diskussion am Gartenzaun gegeben, weil Linus\u2019 Gro\u00dfeltern nicht einsahen, warum sie ihren Garten genauso steril machen sollten, damit nur ja nichts zu den Nachbarn r\u00fcbergeweht werden konnte.<\/p>\n<p>Schweren Herzens hatte Linus deshalb die Verabredung zum Schwimmen abgesagt, das aber nur vage damit begr\u00fcndet, dass er etwas Wichtiges zu erledigen hatte. <i>Gartenarbeit<\/i>, textete er Annika zur\u00fcck und fasste in zwei kurzen S\u00e4tzen zusammen, was Sache war. Er war schon dabei, sich f\u00fcr die Gartenarbeit umzuziehen, und wollte m\u00f6glichst keine Zeit verlieren. Je fr\u00fcher er anfing, desto gr\u00f6\u00dfer war die Chance, dass er den Garten bis zum Abend wieder in einem Zustand hatte, den die Nachbarn durchgehen lie\u00dfen, und am n\u00e4chsten Tag nicht noch mal hin musste.<\/p>\n<p><i>Bist du noch zu Hause?<\/i>, kam es von Annika zur\u00fcck, kaum dass er das Handy weggelegt hatte, um in seine alten Turnschuhe zu steigen. <i>Fahr gleich los<\/i>, tippte er einh\u00e4ndig, w\u00e4hrend er mit dem Zeigefinger der anderen Hand den umgeklappten Rand des linken Schuhs zurechtfingerte. Dann steckte er das Handy in die Tasche, nahm den kleinen Rucksack, den er sonst f\u00fcr Ausfl\u00fcge benutzte, und ging in die K\u00fcche, um etwas zu essen und zu trinken einzupacken. Vor allem Wasser war wichtig, denn Durst w\u00fcrde er mit Sicherheit bekommen, wenn er bei der W\u00e4rme schuftete. Oft hatten seine Gro\u00dfeltern zwar etwas zu trinken im Gartenhaus stehen, aber Linus hatte keine Ahnung, ob aktuell was da war, und das Wasser, das dort aus dem Hahn kam, schmeckte ihm nicht.<\/p>\n<p>Nachdem er noch den Ersatzschl\u00fcssel f\u00fcr den Garten eingesteckt hatte, der seit Jahr und Tag im Schl\u00fcsselkasten neben der T\u00fcr hing, verlie\u00df er die Wohnung und holte sein Fahrrad aus dem Keller. Er w\u00fcrde wohl eine gute Viertelstunde unterwegs sein, und es gab eine h\u00fcbsche Steigung zwischendrin, aber die Busverbindungen in diese Richtung waren so schlecht, dass er eher damit eher noch l\u00e4nger gebraucht h\u00e4tte. Er h\u00e4tte erst ein St\u00fcck in die Gegenrichtung fahren und dann umsteigen m\u00fcssen, der Anschluss war so knapp, dass er eigentlich nicht zu schaffen war, und von der n\u00e4chstgelegenen Haltestelle waren es dann doch noch mal fast zehn Minuten zu laufen.<\/p>\n<p>Als er das Rad durch die Haust\u00fcr auf den B\u00fcrgersteig wuchtete, erlebte er eine \u00dcberraschung. Vor ihm stand Annika, begr\u00fc\u00dfte ihn mit einem L\u00e4cheln und kam ihm dann entgegen, um ihm die T\u00fcr aufzuhalten. Auch sie war mit dem Rad da, es stand zwei Schritte entfernt an der Hauswand. \u201eDanke!\u201c<\/p>\n<\/div>\n<\/div>\n<\/div>\n","protected":false},"excerpt":{"rendered":"<p>28. April 2018 29 978-3752835021 Books on Demand Im Garten ran&shy;klotzen, w\u00e4hrend alle anderen im Freibad sind? Linus hat keine Wahl, die Nach&shy;barn be&shy;schweren sich schon \u00fcber den Wild&shy;wuchs. Da ist die uner&shy;wartete Hilfe nat\u00fcr&shy;lich sehr will&shy;kommen, aber trotz&shy;dem: Warum macht Annika das frei&shy;willig? E-Book \u20ac0,49 Autorenplauderei Diese Ge&shy;schichte ist bereit im letzten Sommer ent&shy;standen. [&hellip;]<\/p>\n","protected":false},"author":1,"featured_media":0,"parent":0,"menu_order":0,"comment_status":"closed","ping_status":"closed","template":"","meta":{"footnotes":""},"class_list":["post-780","page","type-page","status-publish","hentry"],"_links":{"self":[{"href":"https:\/\/renebote.de\/index.php?rest_route=\/wp\/v2\/pages\/780","targetHints":{"allow":["GET"]}}],"collection":[{"href":"https:\/\/renebote.de\/index.php?rest_route=\/wp\/v2\/pages"}],"about":[{"href":"https:\/\/renebote.de\/index.php?rest_route=\/wp\/v2\/types\/page"}],"author":[{"embeddable":true,"href":"https:\/\/renebote.de\/index.php?rest_route=\/wp\/v2\/users\/1"}],"replies":[{"embeddable":true,"href":"https:\/\/renebote.de\/index.php?rest_route=%2Fwp%2Fv2%2Fcomments&post=780"}],"version-history":[{"count":1,"href":"https:\/\/renebote.de\/index.php?rest_route=\/wp\/v2\/pages\/780\/revisions"}],"predecessor-version":[{"id":781,"href":"https:\/\/renebote.de\/index.php?rest_route=\/wp\/v2\/pages\/780\/revisions\/781"}],"wp:attachment":[{"href":"https:\/\/renebote.de\/index.php?rest_route=%2Fwp%2Fv2%2Fmedia&parent=780"}],"curies":[{"name":"wp","href":"https:\/\/api.w.org\/{rel}","templated":true}]}}