{"id":2004,"date":"2025-07-26T17:52:13","date_gmt":"2025-07-26T16:52:13","guid":{"rendered":"https:\/\/renebote.de\/?page_id=2004"},"modified":"2025-07-26T17:52:13","modified_gmt":"2025-07-26T16:52:13","slug":"emil-packt-das","status":"publish","type":"page","link":"https:\/\/renebote.de\/?page_id=2004","title":{"rendered":"Emil packt das!"},"content":{"rendered":"\n<dialog id=\"imgFull\" class=\"coverFullsizeDialog\" style=\"display: none;\" onclick=\"hideFullsizeCoverDialog();\" >\n\t<img decoding=\"async\" id=\"coverFullsize\" src=\"\" alt=\"Cover des Buchs Emil packt das!\" \/>\n<\/dialog>\n\n\n\n<div class=\"wp-block-columns is-layout-flex wp-container-core-columns-is-layout-28f84493 wp-block-columns-is-layout-flex\">\n<div class=\"wp-block-column is-layout-flow wp-block-column-is-layout-flow\" style=\"flex-basis:40%\">\n<img decoding=\"async\" id=\"coverPreview\" src=\"https:\/\/renebote.de\/wp-content\/uploads\/2025\/07\/Cover-Emil-packt-das.webp\" class=\"coverPreviewBook\" onclick=\"showFullsizeCoverDialog();\" alt=\"Cover des Buches [Title]\" \/>\n\n\n<div class=\"bookPageGeneralInfoContainer\">\n    <div class=\"bookPageEditionsContainer\">\n\t\t\t\t<img decoding=\"async\" src=\"https:\/\/renebote.de\/wp-content\/uploads\/2024\/02\/Ebook.webp\" style=\"width: 100%;\" title=\"Erh\u00e4ltlich als E-Book\" \/>\n    <\/div>\n    <div class=\"bookPageInfoRowsContainer\">\n\t\t<div class=\"bookPageInfoRow\">\n            <img decoding=\"async\" src=\"https:\/\/renebote.de\/wp-content\/uploads\/2024\/02\/Erscheinungstermin.webp\" class=\"bookPageInfoIcon\" title=\"Erscheinungsdatum\" \/>12. August 2025\n        <\/div>\n\t\t<div class=\"bookPageInfoRow\">\n            <img decoding=\"async\" src=\"https:\/\/renebote.de\/wp-content\/uploads\/2024\/02\/Seiten.webp\" class=\"bookPageInfoIcon\" title=\"Seiten\" \/>24\n        <\/div>\n\t\t<div class=\"bookPageInfoRow\">\n            <img decoding=\"async\" src=\"https:\/\/renebote.de\/wp-content\/uploads\/2024\/02\/ISBN.webp\" class=\"bookPageInfoIcon\" title=\"ISBN\" \/>978-3757598556\n        <\/div>\n\t\t<div class=\"bookPageInfoRow\">\n            <img decoding=\"async\" src=\"https:\/\/renebote.de\/wp-content\/uploads\/2024\/02\/Verlag.webp\" class=\"bookPageInfoIcon\" title=\"Ver\u00f6ffentlicht bei\" \/>Neobooks\n        <\/div>\n    <\/div>\n<\/div>\n<div class=\"justifyText marginTop\">\n\t\t<p>Die Klassenfahrt bringt es ans Licht: Emil kann gar nichts daf\u00fcr, dass er so sch\u00fcchtern ist. Wie soll er denn mit den anderen mithalten, wenn seine Mutter ihm vor lauter Sorge alles verbietet? Smilla beschlie\u00dft, ihm zu helfen, und \u00fcberzeugt ihre Freunde, ihn mitzunehmen in den Wald, wo sie gemeinsam einen Unterstand bauen wollen. Dass Emils Mutter entschieden dagegen ist, liegt auf der Hand \u2026\t<\/p>\n\n<\/div>\n<div class=\"fullWidthRow marginTop\">\n\t<b>E-Book \u20ac 1,49<\/b>\n<\/div>\n<div class=\"fullWidthRow noBlockStartMargin\">\n\t<div style=\"width: 30%\";>\n\t<a href=\"https:\/\/www.ebook.de\/de\/product\/51377753\/rene_bote_emil_packt_das.html\">\n\t\t<img decoding=\"async\" src=\"https:\/\/renebote.de\/wp-content\/uploads\/2024\/02\/Shop-Icon-Ebook_de.webp\" style=\"width: 100%; cursor: pointer;\" title=\"Link zum Shop von ebook.de\"\/>\n\t<\/a>\n<\/div><div style=\"width: 30%\";>\n\t<a href=\"https:\/\/books.apple.com\/de\/book\/emil-packt-das\/id6749015861\">\n\t\t<img decoding=\"async\" src=\"https:\/\/renebote.de\/wp-content\/uploads\/2024\/02\/Shop-Icon-iBooks.webp\" style=\"width: 100%; cursor: pointer;\" title=\"Link zum Shop von Apple Books\"\/>\n\t<\/a>\n<\/div>\n<\/div>\n\n<\/div>\n\n\n\n<div class=\"wp-block-column is-layout-flow wp-block-column-is-layout-flow\" style=\"flex-basis:66.66%\">\n<div class=\"justifyText\">\n\t<p style=\"margin-top: -5px;\">Die Klassenfahrt w\u00fcrde eine Katastrophe werden, hatte Smillas Mutter prophezeit. Eine Jugendherberge im hintersten Zipfel von Nirgendwo, wo man absolut nichts machen konnte, so hatte sie es beschrieben. Ganz am Anfang des Schuljahrs war das gewesen, als beim ersten Elternabend das Ziel der Klassenfahrt im Fr\u00fchjahr verk\u00fcndet worden war.\t<\/p>\n\t<p>Sie hatte dasselbe Gymnasium besucht wie Smilla, und schon damals waren die 5. Klassen im Fr\u00fchjahr f\u00fcr eine Woche weggefahren. Es ging nicht immer in dieselbe Jugendherberge, sehr gro\u00df war die Bandbreite aber nicht. Damals wie heute galt, dass Hin- und R\u00fcckfahrt nicht viel mehr als eine Stunde dauern sollten, das schr\u00e4nkte die Auswahl deutlich ein. Dass Smilla mit ihrer Klasse in derselben Jugendherberge war wie ihre Mutter 25 Jahre zuvor, war also Zufall, aber ein von den Rahmenbedingungen beg\u00fcnstigter.\t<\/p>\n\t<p>In einer Hinsicht hatte Smillas Mutter recht: Die Jugendherberge lag ziemlich einsam. Die Ortschaft, zu der sie geh\u00f6rte, war ein Dorf, und die Herberge selbst war noch einmal reichlich einen Kilometer davon entfernt. Der n\u00e4chste Nachbar war ein Bauernhof, die Zufahrt dorthin und zur Herberge gabelte sich auf halber Strecke. Das Haus lag am Waldrand, eine gro\u00dfe Wiese geh\u00f6rte dazu.\t<\/p>\n\t<p>Doch dass die Jugendherberge nichts zu bieten hatte au\u00dfer einem Grillplatz, den man nach Absprache mit den Herbergseltern an einem Abend benutzen durfte, mochte vor 25 Jahren gestimmt haben; heute stimmte es nicht mal mehr ansatzweise. Seit Smillas Mutter zum ersten Mal auf Klassenfahrt gewesen war, hatte sich viel ver\u00e4ndert: Die Schlafs\u00e4le mit vier oder sechs Doppelstockbetten waren hell und freundlich eingerichteten Vier-Bett-Zimmern gewichen, und die Verpflegung lie\u00df nichts zu w\u00fcnschen \u00fcbrig. Im Aufenthaltsraum hatten die Herbergseltern eine kleine Bibliothek eingerichtet, drau\u00dfen luden drei Tischtennisplatten und ein Bolzplatz zu sportlicher Bet\u00e4tigung ein. Auch ein Grillplatz war vorhanden, ob es noch derselbe war wie zu der Zeit, als ihre Mutter hier gewesen war, wusste Smilla nicht. Am letzten Abend sollte gegrillt werden, das hatte der Klassenlehrer schon gekl\u00e4rt, und es hatte nicht so ausgesehen, als w\u00e4re das mit viel Diskussion verbunden gewesen.\t<\/p>\n\t<p>Doch soweit war es noch nicht, die Klasse war erst den zweiten Tag da. Am ersten Nachmittag hatten sie eine Wanderung gemacht, unter F\u00fchrung ihres Biologielehrers, der ihnen viel \u00fcber die Tier- und Pflanzenwelt der Gegend gezeigt hatte. Ein paar von Smillas Klassenkameraden hatten gen\u00f6lt, sie w\u00e4ren doch auf Klassenfahrt, da d\u00fcrfte es keinen Unterricht geben, doch Herr \u00dcbach hatte sich nicht aus der Ruhe bringen lassen. Er kannte schlie\u00dflich seine Pappenheimer, und die N\u00f6rgler waren auf dem Holzweg, wenn sie dachten, die Klassenfahrt w\u00e4re nur zum Entspannen da. Davon abgesehen hatte Smilla vieles, was er ihnen gezeigt hatte, durchaus spannend gefunden. Er hatte Zusammenh\u00e4nge hergestellt zum Alltag der Kinder, \u00fcber tierische und botanische \u00dcberlebensk\u00fcnstler gesprochen und viele Kleinigkeiten veranschaulicht, die man sonst gar nicht so wahrnahm.\t<\/p>\n\t<p style=\"text-align: center;\">***<\/p>\n\t<p>Der n\u00e4chste Nachmittag zeigte, dass Herrn \u00dcbachs Vortrag nicht v\u00f6llig an allen vorbeigegangen war. Herr G\u00e4dke, der Klassenlehrer, hatte die Kinder nicht komplett verplant, er wusste, dass das Verh\u00e4ltnis stimmen musste zwischen Programm und Freizeit. Deshalb war die Klasse nicht erst kurz vor dem Abendessen von ihrem Ausflug in die Jugendherberge zur\u00fcckgekehrt, sondern schon im Lauf des Nachmittags. Nach dem Abendessen w\u00fcrde es f\u00fcr die, die wollten, ein Tischtennis-Turnier geben, vor dem Essen gab es kein Programm mehr.\t<\/p>\n\t<p>Smilla sa\u00df mit ein paar anderen am Grillplatz. Ihre beste Freundin Simone war dabei, Dilara, Dilaras Zwillingsbruder Firat und dessen bester Freund Hendrik. Gemeinsam schauten sie sich auf Firats Handy Videos an; Firat hatte einen Youtuber entdeckt, der sich mit Survival besch\u00e4ftigte. Das passte irgendwie zur Wanderung vom Vortag.\t<\/p>\n\t<p>\u201eLass mal machen!\u201c, rief Hendrik spontan. Im aktuellen Video wurde gezeigt, wie man sich mit einfachen Mitteln einen Unterschlupf bauen konnte, der Schutz vor Wind und Regen bot. Das sah gar nicht schwer aus, und man brauchte nicht einmal Werkzeug daf\u00fcr.\t<\/p>\n\t<p>Smilla war nicht sicher, ob zu Hause alle darauf angesprungen w\u00e4ren. Vielleicht h\u00e4tten sie Angst gehabt, uncool r\u00fcberzukommen, wenn sie im Wald H\u00fctten gebaut h\u00e4tten. Aber hier war alles etwas lockerer, und wenn alle mitmachten \u2026 Smilla brauchte jedenfalls keine Sekunde zu \u00fcberlegen, und auch die anderen z\u00f6gerten nicht. Einfach mal was ausprobieren, die Herausforderung annehmen und schauen, ob sie es konnten. Die Sache sah zwar einfach aus, aber vielleicht wurde es doch knifflig, wenn es wirklich stabil und nat\u00fcrlich auch dicht sein sollte.\t<\/p>\n<\/div>\n<\/div>\n<\/div>\n","protected":false},"excerpt":{"rendered":"<p>12. August 2025 24 978-3757598556 Neobooks Die Klassenfahrt bringt es ans Licht: Emil kann gar nichts daf\u00fcr, dass er so sch\u00fcchtern ist. Wie soll er denn mit den anderen mithalten, wenn seine Mutter ihm vor lauter Sorge alles verbietet? Smilla beschlie\u00dft, ihm zu helfen, und \u00fcberzeugt ihre Freunde, ihn mitzunehmen in den Wald, wo sie [&hellip;]<\/p>\n","protected":false},"author":1,"featured_media":0,"parent":0,"menu_order":0,"comment_status":"closed","ping_status":"closed","template":"","meta":{"footnotes":""},"class_list":["post-2004","page","type-page","status-publish","hentry"],"_links":{"self":[{"href":"https:\/\/renebote.de\/index.php?rest_route=\/wp\/v2\/pages\/2004","targetHints":{"allow":["GET"]}}],"collection":[{"href":"https:\/\/renebote.de\/index.php?rest_route=\/wp\/v2\/pages"}],"about":[{"href":"https:\/\/renebote.de\/index.php?rest_route=\/wp\/v2\/types\/page"}],"author":[{"embeddable":true,"href":"https:\/\/renebote.de\/index.php?rest_route=\/wp\/v2\/users\/1"}],"replies":[{"embeddable":true,"href":"https:\/\/renebote.de\/index.php?rest_route=%2Fwp%2Fv2%2Fcomments&post=2004"}],"version-history":[{"count":1,"href":"https:\/\/renebote.de\/index.php?rest_route=\/wp\/v2\/pages\/2004\/revisions"}],"predecessor-version":[{"id":2005,"href":"https:\/\/renebote.de\/index.php?rest_route=\/wp\/v2\/pages\/2004\/revisions\/2005"}],"wp:attachment":[{"href":"https:\/\/renebote.de\/index.php?rest_route=%2Fwp%2Fv2%2Fmedia&parent=2004"}],"curies":[{"name":"wp","href":"https:\/\/api.w.org\/{rel}","templated":true}]}}

<dialog id="imgFull" class="coverFullsizeDialog" style="display: none;" onclick="hideFullsizeCoverDialog();" >
	<img decoding="async" id="coverFullsize" src="" alt="Cover des Buchs Emil packt das!" />
</dialog>



<div class="wp-block-columns is-layout-flex wp-container-core-columns-is-layout-28f84493 wp-block-columns-is-layout-flex">
<div class="wp-block-column is-layout-flow wp-block-column-is-layout-flow" style="flex-basis:40%">
<img decoding="async" id="coverPreview" src="https://renebote.de/wp-content/uploads/2025/07/Cover-Emil-packt-das.webp" class="coverPreviewBook" onclick="showFullsizeCoverDialog();" alt="Cover des Buches [Title]" />


<div class="bookPageGeneralInfoContainer">
    <div class="bookPageEditionsContainer">
				<img decoding="async" src="https://renebote.de/wp-content/uploads/2024/02/Ebook.webp" style="width: 100%;" title="Erhältlich als E-Book" />
    </div>
    <div class="bookPageInfoRowsContainer">
		<div class="bookPageInfoRow">
            <img decoding="async" src="https://renebote.de/wp-content/uploads/2024/02/Erscheinungstermin.webp" class="bookPageInfoIcon" title="Erscheinungsdatum" />12. August 2025
        </div>
		<div class="bookPageInfoRow">
            <img decoding="async" src="https://renebote.de/wp-content/uploads/2024/02/Seiten.webp" class="bookPageInfoIcon" title="Seiten" />24
        </div>
		<div class="bookPageInfoRow">
            <img decoding="async" src="https://renebote.de/wp-content/uploads/2024/02/ISBN.webp" class="bookPageInfoIcon" title="ISBN" />978-3757598556
        </div>
		<div class="bookPageInfoRow">
            <img decoding="async" src="https://renebote.de/wp-content/uploads/2024/02/Verlag.webp" class="bookPageInfoIcon" title="Veröffentlicht bei" />Neobooks
        </div>
    </div>
</div>
<div class="justifyText marginTop">
		<p>Die Klassenfahrt bringt es ans Licht: Emil kann gar nichts dafür, dass er so schüchtern ist. Wie soll er denn mit den anderen mithalten, wenn seine Mutter ihm vor lauter Sorge alles verbietet? Smilla beschließt, ihm zu helfen, und überzeugt ihre Freunde, ihn mitzunehmen in den Wald, wo sie gemeinsam einen Unterstand bauen wollen. Dass Emils Mutter entschieden dagegen ist, liegt auf der Hand …	</p>

</div>
<div class="fullWidthRow marginTop">
	<b>E-Book € 1,49</b>
</div>
<div class="fullWidthRow noBlockStartMargin">
	<div style="width: 30%";>
	<a href="https://www.ebook.de/de/product/51377753/rene_bote_emil_packt_das.html">
		<img decoding="async" src="https://renebote.de/wp-content/uploads/2024/02/Shop-Icon-Ebook_de.webp" style="width: 100%; cursor: pointer;" title="Link zum Shop von ebook.de"/>
	</a>
</div><div style="width: 30%";>
	<a href="https://books.apple.com/de/book/emil-packt-das/id6749015861">
		<img decoding="async" src="https://renebote.de/wp-content/uploads/2024/02/Shop-Icon-iBooks.webp" style="width: 100%; cursor: pointer;" title="Link zum Shop von Apple Books"/>
	</a>
</div>
</div>

</div>



<div class="wp-block-column is-layout-flow wp-block-column-is-layout-flow" style="flex-basis:66.66%">
<div class="justifyText">
	<p style="margin-top: -5px;">Die Klassenfahrt würde eine Katastrophe werden, hatte Smillas Mutter prophezeit. Eine Jugendherberge im hintersten Zipfel von Nirgendwo, wo man absolut nichts machen konnte, so hatte sie es beschrieben. Ganz am Anfang des Schuljahrs war das gewesen, als beim ersten Elternabend das Ziel der Klassenfahrt im Frühjahr verkündet worden war.	</p>
	<p>Sie hatte dasselbe Gymnasium besucht wie Smilla, und schon damals waren die 5. Klassen im Frühjahr für eine Woche weggefahren. Es ging nicht immer in dieselbe Jugendherberge, sehr groß war die Bandbreite aber nicht. Damals wie heute galt, dass Hin- und Rückfahrt nicht viel mehr als eine Stunde dauern sollten, das schränkte die Auswahl deutlich ein. Dass Smilla mit ihrer Klasse in derselben Jugendherberge war wie ihre Mutter 25 Jahre zuvor, war also Zufall, aber ein von den Rahmenbedingungen begünstigter.	</p>
	<p>In einer Hinsicht hatte Smillas Mutter recht: Die Jugendherberge lag ziemlich einsam. Die Ortschaft, zu der sie gehörte, war ein Dorf, und die Herberge selbst war noch einmal reichlich einen Kilometer davon entfernt. Der nächste Nachbar war ein Bauernhof, die Zufahrt dorthin und zur Herberge gabelte sich auf halber Strecke. Das Haus lag am Waldrand, eine große Wiese gehörte dazu.	</p>
	<p>Doch dass die Jugendherberge nichts zu bieten hatte außer einem Grillplatz, den man nach Absprache mit den Herbergseltern an einem Abend benutzen durfte, mochte vor 25 Jahren gestimmt haben; heute stimmte es nicht mal mehr ansatzweise. Seit Smillas Mutter zum ersten Mal auf Klassenfahrt gewesen war, hatte sich viel verändert: Die Schlafsäle mit vier oder sechs Doppelstockbetten waren hell und freundlich eingerichteten Vier-Bett-Zimmern gewichen, und die Verpflegung ließ nichts zu wünschen übrig. Im Aufenthaltsraum hatten die Herbergseltern eine kleine Bibliothek eingerichtet, draußen luden drei Tischtennisplatten und ein Bolzplatz zu sportlicher Betätigung ein. Auch ein Grillplatz war vorhanden, ob es noch derselbe war wie zu der Zeit, als ihre Mutter hier gewesen war, wusste Smilla nicht. Am letzten Abend sollte gegrillt werden, das hatte der Klassenlehrer schon geklärt, und es hatte nicht so ausgesehen, als wäre das mit viel Diskussion verbunden gewesen.	</p>
	<p>Doch soweit war es noch nicht, die Klasse war erst den zweiten Tag da. Am ersten Nachmittag hatten sie eine Wanderung gemacht, unter Führung ihres Biologielehrers, der ihnen viel über die Tier- und Pflanzenwelt der Gegend gezeigt hatte. Ein paar von Smillas Klassenkameraden hatten genölt, sie wären doch auf Klassenfahrt, da dürfte es keinen Unterricht geben, doch Herr Übach hatte sich nicht aus der Ruhe bringen lassen. Er kannte schließlich seine Pappenheimer, und die Nörgler waren auf dem Holzweg, wenn sie dachten, die Klassenfahrt wäre nur zum Entspannen da. Davon abgesehen hatte Smilla vieles, was er ihnen gezeigt hatte, durchaus spannend gefunden. Er hatte Zusammenhänge hergestellt zum Alltag der Kinder, über tierische und botanische Überlebenskünstler gesprochen und viele Kleinigkeiten veranschaulicht, die man sonst gar nicht so wahrnahm.	</p>
	<p style="text-align: center;">***</p>
	<p>Der nächste Nachmittag zeigte, dass Herrn Übachs Vortrag nicht völlig an allen vorbeigegangen war. Herr Gädke, der Klassenlehrer, hatte die Kinder nicht komplett verplant, er wusste, dass das Verhältnis stimmen musste zwischen Programm und Freizeit. Deshalb war die Klasse nicht erst kurz vor dem Abendessen von ihrem Ausflug in die Jugendherberge zurückgekehrt, sondern schon im Lauf des Nachmittags. Nach dem Abendessen würde es für die, die wollten, ein Tischtennis-Turnier geben, vor dem Essen gab es kein Programm mehr.	</p>
	<p>Smilla saß mit ein paar anderen am Grillplatz. Ihre beste Freundin Simone war dabei, Dilara, Dilaras Zwillingsbruder Firat und dessen bester Freund Hendrik. Gemeinsam schauten sie sich auf Firats Handy Videos an; Firat hatte einen Youtuber entdeckt, der sich mit Survival beschäftigte. Das passte irgendwie zur Wanderung vom Vortag.	</p>
	<p>„Lass mal machen!“, rief Hendrik spontan. Im aktuellen Video wurde gezeigt, wie man sich mit einfachen Mitteln einen Unterschlupf bauen konnte, der Schutz vor Wind und Regen bot. Das sah gar nicht schwer aus, und man brauchte nicht einmal Werkzeug dafür.	</p>
	<p>Smilla war nicht sicher, ob zu Hause alle darauf angesprungen wären. Vielleicht hätten sie Angst gehabt, uncool rüberzukommen, wenn sie im Wald Hütten gebaut hätten. Aber hier war alles etwas lockerer, und wenn alle mitmachten … Smilla brauchte jedenfalls keine Sekunde zu überlegen, und auch die anderen zögerten nicht. Einfach mal was ausprobieren, die Herausforderung annehmen und schauen, ob sie es konnten. Die Sache sah zwar einfach aus, aber vielleicht wurde es doch knifflig, wenn es wirklich stabil und natürlich auch dicht sein sollte.	</p>
</div>
</div>
</div>

<p>12. August 2025 24 978-3757598556 Neobooks Die Klassenfahrt bringt es ans Licht: Emil kann gar nichts dafür, dass er so schüchtern ist. Wie soll er denn mit den anderen mithalten, wenn seine Mutter ihm vor lauter Sorge alles verbietet? Smilla beschließt, ihm zu helfen, und überzeugt ihre Freunde, ihn mitzunehmen in den Wald, wo sie [&hellip;]</p>
