{"id":1586,"date":"2024-05-25T19:29:41","date_gmt":"2024-05-25T18:29:41","guid":{"rendered":"https:\/\/renebote.de\/?page_id=1586"},"modified":"2024-05-25T19:29:41","modified_gmt":"2024-05-25T18:29:41","slug":"archiv-2018","status":"publish","type":"page","link":"https:\/\/renebote.de\/?page_id=1586","title":{"rendered":"Archiv 2018"},"content":{"rendered":"\n<p class=\"justifyText\">\nUm die Startseite nicht zu \u00fcberfrachten und \u00e4ltere Beitr\u00e4ge leichter auffindbar zu machen, richte ich jahresweise Archiv-Seiten ein. Auf dieser Seite findest Du die Beitr\u00e4ge aus dem Jahr 2018.\n<\/p>\n\n\n<ul class=\"wp-block-latest-posts__list has-dates wp-block-latest-posts\"><li><a class=\"wp-block-latest-posts__post-title\" href=\"https:\/\/renebote.de\/?p=1589\">Kurzgeschichte zu Silvester<\/a><time datetime=\"2018-12-29T19:31:00+01:00\" class=\"wp-block-latest-posts__post-date\">29. Dezember 2018<\/time><div class=\"wp-block-latest-posts__post-full-content\"><!-- wp:html -->\n<p class=\"justifyText\">\n<a href=\"https:\/\/renebote.de\/?page_id=223\">\n<img decoding=\"async\" class=\"blogIllustration\" src=\"https:\/\/renebote.de\/wp-content\/uploads\/2024\/02\/Covervorschau-Freundschaft-aus-der-Kueche-Saft-weg.webp\">\n<\/a>\nZum Jahreswechsel gibt es noch eine kleine Silvester-Geschichte. <i>Saft weg!<\/i> ist eine kurze Fortsetzung der Reihe <a href=\"https:\/\/renebote.de\/?page_id=1012\">Freundschaft aus der K\u00fcche<\/a> und beschreibt einen Silvesterabend, der f\u00fcr Pauline so ganz anders l\u00e4uft als gedacht und trotzdem oder vielleicht gerade deshalb wundersch\u00f6n wird. \n<\/p>\n<!-- \/wp:html --><\/div><\/li>\n<li><a class=\"wp-block-latest-posts__post-title\" href=\"https:\/\/renebote.de\/?p=1591\">Kurzgeschichte aus dem Adventskalender: Weihnachten aus der Box<\/a><time datetime=\"2018-12-17T19:36:00+01:00\" class=\"wp-block-latest-posts__post-date\">17. Dezember 2018<\/time><div class=\"wp-block-latest-posts__post-full-content\"><!-- wp:html -->\n<p class=\"justifyText\">\n<a href=\"https:\/\/renebote.de\/?page_id=220\">\n<img decoding=\"async\" class=\"blogIllustration\" src=\"http:\/\/renebote.de\/wp-content\/uploads\/2024\/02\/Covervorschau-Weihnachten-aus-der-Box.webp\">\n<\/a>\nWie schon im letzten Jahr gibt es kurz vor Weihnachten noch eine Kurzgeschichte, die urspr\u00fcnglich f\u00fcr den Adventskalender im <a href=\"https:\/\/buechertreff.de\/\">B\u00fcchertreff<\/a> entstanden ist. Auch in diesem Jahr beteilige ich mich wieder an diesem Adventskalender, am 23. Dezember wird das T\u00fcrchen ge\u00f6ffnet, das ich mit einer kurzen Geschichte gef\u00fcllt habe. Nachdem ich letztes Jahr zu sp\u00e4t darauf aufmerksam geworden bin, wird die Geschichte diesmal auch zeitgleich im Adventskalender der <a href=\"https:\/\/buechereule.de\">B\u00fcchereule<\/a> erscheinen. \n<\/p>\n<!-- \/wp:html --><\/div><\/li>\n<li><a class=\"wp-block-latest-posts__post-title\" href=\"https:\/\/renebote.de\/?p=1593\">Kurzer Weihnachtsmarktkrimi<\/a><time datetime=\"2018-12-09T19:43:00+01:00\" class=\"wp-block-latest-posts__post-date\">09. Dezember 2018<\/time><div class=\"wp-block-latest-posts__post-full-content\"><!-- wp:html -->\n<p class=\"justifyText\">\n<a href=\"https:\/\/renebote.de\/?page_id=799\">\n<img decoding=\"async\" class=\"blogIllustration\" src=\"https:\/\/renebote.de\/wp-content\/uploads\/2024\/04\/Covervorschau-Der-Gaertner-und-seine-Blueten.webp\">\n<\/a>\nDa geht noch was! Aus einer spontanen Idee heraus habe ich am letzten Wochenende einen Kurzkrimi geschrieben, der auf dem Weihnachtsmarkt spielt. Eigentlich hatte ich dabei den Kurzgeschichtenbereich hier auf der Seite angepeilt, aber daf\u00fcr ist die Geschichte tats\u00e4chlich zu umfangreich geworden. Also wird ein E-Book daraus, das am 17. Dezember erscheint. \n<\/p>\n<!-- \/wp:html --><\/div><\/li>\n<li><a class=\"wp-block-latest-posts__post-title\" href=\"https:\/\/renebote.de\/?p=1606\">F\u00fcnftes Abenteuer der Ballfreunde-M\u00e4dchen<\/a><time datetime=\"2018-11-26T15:33:00+01:00\" class=\"wp-block-latest-posts__post-date\">26. November 2018<\/time><div class=\"wp-block-latest-posts__post-full-content\"><!-- wp:html -->\n<p class=\"justifyText\">\n<a href=\"https:\/\/renebote.de\/?page_id=796\">\n<img decoding=\"async\" class=\"blogIllustration\" src=\"https:\/\/renebote.de\/wp-content\/uploads\/2024\/04\/Covervorschau-11-lassen-keine-haengen.webp\">\n<\/a>\nAm 14. Dezember erscheint der f\u00fcnfte Band der Serie um Sophie und ihre Freundinnen von der <a href=\"\/?page_id=429\">Ballfreunde-M\u00e4dchenmannschaft<\/a>. Diesmal steht Kitty unfreiwillig im Mittelpunkt: Einer T\u00e4tlichkeit beschuldigt, die sie nicht begangen hat, fliegt sie vom Platz und muss sich sogar vor der Spruchkammer verantworten. Die Geschichte beruht auf einer wahren Begebenheit, bei der die Gerechtigkeit noch weitaus mehr mit F\u00fc\u00dfen getreten worden ist als im Buch. \n<\/p>\n<!-- \/wp:html --><\/div><\/li>\n<li><a class=\"wp-block-latest-posts__post-title\" href=\"https:\/\/renebote.de\/?p=1608\">Kurzgeschichte zu Halloween<\/a><time datetime=\"2018-10-21T15:34:00+01:00\" class=\"wp-block-latest-posts__post-date\">21. Oktober 2018<\/time><div class=\"wp-block-latest-posts__post-full-content\"><!-- wp:html -->\n<p class=\"justifyText\">\n<a href=\"https:\/\/renebote.de\/?page_id=217\">\n<img decoding=\"async\" class=\"blogIllustration\" src=\"https:\/\/renebote.de\/wp-content\/uploads\/2024\/02\/Covervorschau-Das-Mysterium-des-roten-Flecks.webp\">\n<\/a>\nZu Halloween gibt es eine neue Kurzgeschichte. Die Hauptrollen spielen ein Vandale, der der Video\u00fcberwachung durch die Maschen schl\u00fcpft, ein ver\u00e4rgerter Bahnmitarbeiter, ein verwirrter Kommissar und seine Zwillinge Annick und Tommy, die sich ihre eigenen Gedanken machen und dabei die \u00fcblichen Pfade der Kriminalisten verlassen. \n<\/p>\n<!-- \/wp:html --><\/div><\/li>\n<li><a class=\"wp-block-latest-posts__post-title\" href=\"https:\/\/renebote.de\/?p=1610\">Experiment Foren-Roman<\/a><time datetime=\"2018-09-13T15:35:00+01:00\" class=\"wp-block-latest-posts__post-date\">13. September 2018<\/time><div class=\"wp-block-latest-posts__post-full-content\"><!-- wp:html -->\n<p class=\"justifyText\">\n<a href=\"https:\/\/renebote.de\/?page_id=793\">\n<img decoding=\"async\" class=\"blogIllustration\" src=\"https:\/\/renebote.de\/wp-content\/uploads\/2024\/04\/Covervorschau-LonelyLeos-neues-Leben.webp\">\n<\/a>\nMit meinem Buch <i>@LonelyLeo&#8217;s neues Leben<\/i>, das bei BoD beauftragt ist und in den n\u00e4chsten Tagen in die Shops kommt, wage ich ein Experiment: Die Geschichte der 14-j\u00e4hrigen Leonie, die wegen des neuen Jobs ihres Vaters umziehen muss, wird komplett in Beitr\u00e4gen erz\u00e4hlt, die sie in einem Internet-Forum f\u00fcr Kinder und Jugendliche schreibt, und in den Antworten der \u00fcbrigen Forenmitglieder. Das war f\u00fcr mich eine Herausforderung, sowohl beim Schreiben, als auch bei der Gestaltung des Buches, aber ich freue mich \u00fcber das Ergebnis und hoffe, dass auch andere Spa\u00df finden an dieser Form, etwas zu erz\u00e4hlen.  \n<\/p>\n<!-- \/wp:html --><\/div><\/li>\n<li><a class=\"wp-block-latest-posts__post-title\" href=\"https:\/\/renebote.de\/?p=1612\">Abenteuer in S\u00fcdtirol<\/a><time datetime=\"2018-08-05T15:36:00+01:00\" class=\"wp-block-latest-posts__post-date\">05. August 2018<\/time><div class=\"wp-block-latest-posts__post-full-content\"><!-- wp:html -->\n<p class=\"justifyText\">\n<a href=\"https:\/\/renebote.de\/?page_id=789\">\n<img decoding=\"async\" class=\"blogIllustration\" src=\"https:\/\/renebote.de\/wp-content\/uploads\/2024\/04\/Covervorschau-Der-letzte-Gast-der-Steinbachalm.webp\">\n<\/a>\nPassend zur Ferienzeit geht es auch f\u00fcr den Helden meines neuesten Buches in den Urlaub. Der wird weitaus spannender, als Paul sich das erhofft h\u00e4tte, und manches, was er erlebt, scheint nicht nur auf den ersten Blick reichlich undurchsichtig.\n<br \/><br \/>\nDas Buch ist beauftragt und wird sowohl in gedruckter, als auch in digitaler Form erscheinen. Wie immer in solchen F\u00e4llen erscheint zuerst in den n\u00e4chsten Tagen das Taschenbuch, das E-Book folgt dann einige Tage sp\u00e4ter. \n<\/p>\n<!-- \/wp:html --><\/div><\/li>\n<li><a class=\"wp-block-latest-posts__post-title\" href=\"https:\/\/renebote.de\/?p=1614\">Kurzgeschichte zum Wetter<\/a><time datetime=\"2018-07-28T15:37:00+01:00\" class=\"wp-block-latest-posts__post-date\">28. Juli 2018<\/time><div class=\"wp-block-latest-posts__post-full-content\"><!-- wp:html -->\n<p class=\"justifyText\">\n<a href=\"https:\/\/renebote.de\/?page_id=214\">\n<img decoding=\"async\" class=\"blogIllustration\" src=\"https:\/\/renebote.de\/wp-content\/uploads\/2024\/02\/Covervorschau-Naechster-Halt-Schatten.webp\">\n<\/a>\nAuch wenn heute das Wetter etwas k\u00fchler ist, d\u00fcrfte der Sommer noch nicht vorbei sein. Wer keine Klimaanlage hat, k\u00e4mpft also weiter darum, die Temperatur im Haus ertr\u00e4glich zu halten. Der Gedanke &#8222;Hier bleib ich!&#8220; kommt einem dann zuverl\u00e4ssig, sobald man irgendwo etwas K\u00fchle sp\u00fcrt. Daraus habe ich eine kleine Geschichte gebastelt, die ab sofort in der Kurzgeschichten-Rubrik zu lesen ist. \n<\/p>\n<!-- \/wp:html --><\/div><\/li>\n<li><a class=\"wp-block-latest-posts__post-title\" href=\"https:\/\/renebote.de\/?p=1616\">Neuigkeiten von den Ballfreunde-M\u00e4dchen<\/a><time datetime=\"2018-07-08T15:38:00+01:00\" class=\"wp-block-latest-posts__post-date\">08. Juli 2018<\/time><div class=\"wp-block-latest-posts__post-full-content\"><!-- wp:html -->\n<p class=\"justifyText\">\n<a href=\"https:\/\/renebote.de\/?page_id=786\">\n<img decoding=\"async\" class=\"blogIllustration\" src=\"https:\/\/renebote.de\/wp-content\/uploads\/2024\/04\/Covervorschau-11-spielen-ueberall.webp\">\n<\/a>\nAm 22. Juli erscheint ein neues E-Book \u00fcber die <a href=\"\/?page_id=429\">Ballfreunde-M\u00e4dchen<\/a>. Das Buch steht au\u00dferhalb der eigentlichen Reihe und erz\u00e4hlt eine Geschichte, die in den vier B\u00e4nden der Hauptreihe immer wieder angeschnitten wird: Sveas Wochenenden bei ihrem Vater in Hamburg. Deshalb ist diesmal auch nicht Sophie die Erz\u00e4hlerin, sondern Svea, und im Mittelpunkt stehen weniger die Ballfreunde als vielmehr die M\u00e4dchen vom TSV 34\/36, einem Vorort-Club in Hamburg, von Sveas Vater aus gleich um die Ecke, denen Svea eigentlich nur aus Langeweile zuschaut. \n<\/p>\n<!-- \/wp:html --><\/div><\/li>\n<li><a class=\"wp-block-latest-posts__post-title\" href=\"https:\/\/renebote.de\/?p=1618\">Neues E-Book mit ungewohntem Handlungsort<\/a><time datetime=\"2018-06-13T15:40:00+01:00\" class=\"wp-block-latest-posts__post-date\">13. Juni 2018<\/time><div class=\"wp-block-latest-posts__post-full-content\"><!-- wp:html -->\n<p class=\"justifyText\">\n<a href=\"https:\/\/renebote.de\/?page_id=783\">\n<img decoding=\"async\" class=\"blogIllustration\" src=\"https:\/\/renebote.de\/wp-content\/uploads\/2024\/04\/Covervorschau-Stille-Post-am-Checkpoint-Charlie.webp\">\n<\/a>\nMan kann auch von einer guten Sache zu viel bekommen, und was die Klassenlehrerin der 7a ihren Sch\u00fclern auf der Klassenfahrt nach Berlin an Museen und Besichtigungen zumutet, ist eindeutig zu viel. Da sind die Jungen und M\u00e4dchen heilfroh, dass wenigstens ein Vormittag frei bleibt, und Matti nutzt die Gelegenheit, ein Museum zu besuchen, das ihn pers\u00f6nlich mehr reizt als die, die die Lehrerin ausgesucht hat. Stella schlie\u00dft sich ihm an, obwohl sie wei\u00df, dass die Ger\u00fcchtek\u00fcche dann so schnell nicht wieder abk\u00fchlen wird.\n<br \/><br \/>\nDie meisten meiner Geschichten spielen ja im Ruhrgebiet, aber <i>Stille Post am Checkpoint Charlie<\/i> habe ich von einer kurzen Reise nach Berlin mitgebracht. Die Idee dazu entstand an den Originalschaupl\u00e4tzen.\n<br \/><br \/>\nDie Geschichte erscheint am 30. Juni als E-Book. Leider musste ich den Preis im Vergleich zu E-Books \u00e4hnlichen Umfangs erh\u00f6hen, weil der Handel keine E-Books mehr kostenlos oder f\u00fcr 49 Cent anbieten will und 99 Cent die neue Untergrenze darstellen. Wenn ich eine M\u00f6glichkeit finde, kurze Geschichten im E-Book-Format wieder preiswerter oder kostenlos anzubieten, werde ich das sicherlich tun.\n<\/p>\n<!-- \/wp:html --><\/div><\/li>\n<li><a class=\"wp-block-latest-posts__post-title\" href=\"https:\/\/renebote.de\/?p=1620\">Neue Kurzgeschichte: Eis?<\/a><time datetime=\"2018-04-21T15:41:00+01:00\" class=\"wp-block-latest-posts__post-date\">21. April 2018<\/time><div class=\"wp-block-latest-posts__post-full-content\"><!-- wp:html -->\n<p class=\"justifyText\">\n<a href=\"https:\/\/renebote.de\/?page_id=211\">\n<img decoding=\"async\" class=\"blogIllustration\" src=\"https:\/\/renebote.de\/wp-content\/uploads\/2024\/02\/Covervorschau-Eis.webp\">\n<\/a>\nEis irgendjemand? F\u00fcr Mia jedenfalls nicht, aber warum sie jedes Mal kurz vor der Eisdiele kehrt macht, will sich Johannes nicht erschlie\u00dfen. Dass es daf\u00fcr einen guten Grund gibt, begreift er erst, als er herausfindet, dass Mia nicht ganz die ist, die sie zu sein scheint. \n<\/p>\n<!-- \/wp:html --><\/div><\/li>\n<li><a class=\"wp-block-latest-posts__post-title\" href=\"https:\/\/renebote.de\/?p=1624\">Neues E-Book \u00fcber einen Abend im Garten, der romantisch und anstrengend zugleich ist<\/a><time datetime=\"2018-04-20T15:43:00+01:00\" class=\"wp-block-latest-posts__post-date\">20. April 2018<\/time><div class=\"wp-block-latest-posts__post-full-content\"><!-- wp:html -->\n<p class=\"justifyText\">\n<a href=\"https:\/\/renebote.de\/?page_id=780\">\n<img decoding=\"async\" class=\"blogIllustration\" src=\"https:\/\/renebote.de\/wp-content\/uploads\/2024\/04\/Covervorschau-Obstsammlerherz.webp\">\n<\/a>\nWas tun, wenn die Nachbarn schon meckern, weil Brombeeren zu ihnen r\u00fcberwachsen, das Gras gegen den Zaun dr\u00fcckt und faulendes Fallobst allerlei Getier anzieht? Richtig, einmal richtig ranklotzen, damit man nicht am n\u00e4chsten Tag auch noch aufs Freibad verzichten muss. Wenn die anderen sich auf der Liegewiese aalen, macht die Arbeit nat\u00fcrlich gleich noch mal deutlich weniger Freude als so schon &#8211; es sei denn, man bekommt eine Gesellschaft, die sich nicht blo\u00df mit etwas Alibi-Arbeit das Recht erkauft, einem vom Liegestuhl aus beim Arbeiten zuzuschauen. \n<\/p>\n<!-- \/wp:html --><\/div><\/li>\n<li><a class=\"wp-block-latest-posts__post-title\" href=\"https:\/\/renebote.de\/?p=1626\">Eine sehr spontan entstandene Kurzgeschichte als Gratis-E-Book<\/a><time datetime=\"2018-03-25T15:45:00+01:00\" class=\"wp-block-latest-posts__post-date\">25. M\u00e4rz 2018<\/time><div class=\"wp-block-latest-posts__post-full-content\"><!-- wp:html -->\n<p class=\"justifyText\">\n<a href=\"https:\/\/renebote.de\/?page_id=777\">\n<img decoding=\"async\" class=\"blogIllustration\" src=\"https:\/\/renebote.de\/wp-content\/uploads\/2024\/04\/Covervorschau-Zwischen-Aktenstaub-und-Meeresstrand.webp\">\n<\/a>\nIch hatte  Lust, einfach mal etwas Kurzes zu schreiben. Weil es meistens nicht gut funktioniert, sich eine Geschichte mit Gewalt aus den Fingern saugen zu wollen, habe ich mir einige Bilder angeschaut und bei jedem \u00fcberlegt, ob mir dazu eine Geschichte einf\u00e4llt. Dabei habe ich mich vorher weder auf ein Genre, noch auf ein ungef\u00e4hres Alter der Protagonisten festgelegt. Herausgekommen ist eine Erz\u00e4hlung mit viel Drama und einem romantischen Einschlag. Ich habe das E-Book bei BoD beauftragt und hoffe, dass es noch vor Ostern in den bekannten Shops zum Download bereit steht.\n<\/p>\n<!-- \/wp:html --><\/div><\/li>\n<li><a class=\"wp-block-latest-posts__post-title\" href=\"https:\/\/renebote.de\/?p=1628\">Die Ballfreunde gehen wieder aufs Feld<\/a><time datetime=\"2018-01-29T15:46:00+01:00\" class=\"wp-block-latest-posts__post-date\">29. Januar 2018<\/time><div class=\"wp-block-latest-posts__post-full-content\"><!-- wp:html -->\n<p class=\"justifyText\">\n<a href=\"https:\/\/renebote.de\/?page_id=773\">\n<img decoding=\"async\" class=\"blogIllustration\" src=\"https:\/\/renebote.de\/wp-content\/uploads\/2024\/04\/Covervorschau-11-stellen-sich-neu-auf.webp\">\n<\/a>\nEine neue Saison beginnt f\u00fcr Sophie und ihre Kameradinnen von der <a href=\"\/?page_id=429\">Ballfreunde-M\u00e4dchenmannschaft<\/a>. Aber nicht alle, die mit dem Verein zu tun haben, sehen das mit Vorfreude; irgendjemand will verhindern, dass die Mannschaft wieder an den Start geht.\n<br \/><br \/>\n11 stellen sich neu auf ist der vierte Band der Ballfreunde-Reihe. Nachdem im vorherigen Band der Abschluss der Vorsaison im Mittelpunkt stand, der zugleich auch den Abschied des Altjahrgangs um Alina und Hatice bedeutet, war klar, dass die Mannschaft sich neu sortieren muss. Nun hat sich daraus sogar ein eigenes Abenteuer ergeben, und es kostet Sophie und die anderen einige M\u00fche, den Fortbestand ihrer Mannschaft gegen alle Widerst\u00e4nde zu sichern.\n<br \/><br \/>\nIm Vorfeld des offiziellen Erscheinungstermins am 17. Februar d\u00fcrfen drei Beteiligte schon einen kleinen Zipfel des Geheimnisses l\u00fcften. Den Anfang macht am 2. Februar Martha, die von einem Versuch berichtet, sie abzuwerben, zu dem, was Louisa und Siobh\u00e1n zu erz\u00e4hlen haben, sei noch nicht viel verraten. Eine \u00dcbersicht zu den kostenlosen E-Books gibt es <a href=\"\/?page_id=1091\">hier<\/a>.\n<\/p>\n<!-- \/wp:html --><\/div><\/li>\n<\/ul>","protected":false},"excerpt":{"rendered":"<p>Um die Startseite nicht zu \u00fcberfrachten und \u00e4ltere Beitr\u00e4ge leichter auffindbar zu machen, richte ich jahresweise Archiv-Seiten ein. Auf dieser Seite findest Du die Beitr\u00e4ge aus dem Jahr 2018.<\/p>\n","protected":false},"author":1,"featured_media":0,"parent":0,"menu_order":0,"comment_status":"closed","ping_status":"closed","template":"","meta":{"footnotes":""},"class_list":["post-1586","page","type-page","status-publish","hentry"],"_links":{"self":[{"href":"https:\/\/renebote.de\/index.php?rest_route=\/wp\/v2\/pages\/1586","targetHints":{"allow":["GET"]}}],"collection":[{"href":"https:\/\/renebote.de\/index.php?rest_route=\/wp\/v2\/pages"}],"about":[{"href":"https:\/\/renebote.de\/index.php?rest_route=\/wp\/v2\/types\/page"}],"author":[{"embeddable":true,"href":"https:\/\/renebote.de\/index.php?rest_route=\/wp\/v2\/users\/1"}],"replies":[{"embeddable":true,"href":"https:\/\/renebote.de\/index.php?rest_route=%2Fwp%2Fv2%2Fcomments&post=1586"}],"version-history":[{"count":1,"href":"https:\/\/renebote.de\/index.php?rest_route=\/wp\/v2\/pages\/1586\/revisions"}],"predecessor-version":[{"id":1587,"href":"https:\/\/renebote.de\/index.php?rest_route=\/wp\/v2\/pages\/1586\/revisions\/1587"}],"wp:attachment":[{"href":"https:\/\/renebote.de\/index.php?rest_route=%2Fwp%2Fv2%2Fmedia&parent=1586"}],"curies":[{"name":"wp","href":"https:\/\/api.w.org\/{rel}","templated":true}]}}