{"id":1004,"date":"2024-03-22T17:30:55","date_gmt":"2024-03-22T16:30:55","guid":{"rendered":"https:\/\/renebote.de\/?page_id=1004"},"modified":"2024-03-22T17:30:55","modified_gmt":"2024-03-22T16:30:55","slug":"11-laufen-trotzdem-auf-sammelband","status":"publish","type":"page","link":"https:\/\/renebote.de\/?page_id=1004","title":{"rendered":"11 laufen trotzdem auf &#8211; Sammelband"},"content":{"rendered":"\n<dialog id=\"imgFull\" class=\"coverFullsizeDialog\" style=\"display: none;\" onclick=\"hideFullsizeCoverDialog();\" >\n\t<img decoding=\"async\" id=\"coverFullsize\" src=\"\" alt=\"Cover des Buchs 11 laufen trotzdem auf - Sammelband\" \/>\n<\/dialog>\n\n\n\n<div class=\"wp-block-columns is-layout-flex wp-container-core-columns-is-layout-28f84493 wp-block-columns-is-layout-flex\">\n<div class=\"wp-block-column is-layout-flow wp-block-column-is-layout-flow\" style=\"flex-basis:40%\">\n<img decoding=\"async\" id=\"coverPreview\" class=\"coverPreviewBook\" src=\"https:\/\/renebote.de\/wp-content\/uploads\/2024\/02\/Cover-11-laufen-trotzdem-auf-Sammelband.webp\" onclick=\"showFullsizeCoverDialog();\" alt=\"Cover des Buchs 11 laufen trotzdem auf - Sammelband\" \/>\n<div class=\"bookPageGeneralInfoContainer\">\n    <div class=\"bookPageEditionsContainer\">\n\t\t\t\t<img decoding=\"async\" src=\"https:\/\/renebote.de\/wp-content\/uploads\/2024\/02\/Ebook.webp\" style=\"width: 100%;\" title=\"Erh\u00e4ltlich als E-Book\" \/>\n\t\t<img decoding=\"async\" src=\"https:\/\/renebote.de\/wp-content\/uploads\/2024\/02\/Buch.webp\" style=\"width: 100%;\" title=\"Erh\u00e4ltlich als Taschenbuch\" \/>\n    <\/div>\n    <div class=\"bookPageInfoRowsContainer\">\n\t\t<div class=\"bookPageInfoRow\">\n            <img decoding=\"async\" src=\"https:\/\/renebote.de\/wp-content\/uploads\/2024\/02\/Erscheinungstermin.webp\" class=\"bookPageInfoIcon\" title=\"Erscheinungsdatum\" \/>6. Februar 2017\n        <\/div>\n\t\t<div class=\"bookPageInfoRow\">\n            <img decoding=\"async\" src=\"https:\/\/renebote.de\/wp-content\/uploads\/2024\/02\/Seiten.webp\" class=\"bookPageInfoIcon\" title=\"Seiten\" \/>212\n        <\/div>\n\t\t<div class=\"bookPageInfoRow\">\n            <img decoding=\"async\" src=\"https:\/\/renebote.de\/wp-content\/uploads\/2024\/02\/ISBN.webp\" class=\"bookPageInfoIcon\" title=\"ISBN\" \/>978-3743168176 \n        <\/div>\n\t\t<div class=\"bookPageInfoRow\">\n            <img decoding=\"async\" src=\"https:\/\/renebote.de\/wp-content\/uploads\/2024\/02\/Verlag.webp\" class=\"bookPageInfoIcon\" title=\"Ver\u00f6ffentlicht bei\" \/>Books on Demand\n        <\/div>\n    <\/div>\n<\/div>\n<div class=\"justifyText marginTop\">\n\t\n<\/div>\n<div class=\"fullWidthRow marginTop\">\n\t<b>E-Book \u20ac4,49<\/b>\n<\/div>\n<div class=\"fullWidthRow noBlockStartMargin\">\n\t<div style=\"width: 30%\";>\n\t\t<a href=\"https:\/\/books.apple.com\/de\/book\/11-laufen-trotzdem-auf-sammelband\/id1202931560\">\n\t\t\t<img decoding=\"async\" src=\"https:\/\/renebote.de\/wp-content\/uploads\/2024\/02\/Shop-Icon-iBooks.webp\" style=\"width: 100%; cursor: pointer;\" title=\"Link zum iBooks-Shop (Apple)\"\/>\n\t\t<\/a>\n\t<\/div>\t<div style=\"width: 30%\";>\n\t\t<a href=\"https:\/\/www.ebook.de\/de\/product\/28525579\/rene_bote_11_laufen_trotzdem_auf_sammelband.html\">\n\t\t\t<img decoding=\"async\" src=\"https:\/\/renebote.de\/wp-content\/uploads\/2024\/02\/Shop-Icon-Ebook_de.webp\" style=\"width: 100%; cursor: pointer;\" title=\"Link zum Shop von ebook.de\"\/>\n\t\t<\/a>\n\t<\/div>\t<div style=\"width: 30%\";>\n\t\t<a href=\"https:\/\/www.bod.de\/buchshop\/11-laufen-trotzdem-auf-sammelband-rene-bote-9783743123694\">\n\t\t\t<img decoding=\"async\" src=\"https:\/\/renebote.de\/wp-content\/uploads\/2024\/02\/Shop-Icon-BoD.webp\" style=\"width: 100%; cursor: pointer;\" title=\"Link zum Shop von BoD\"\/>\n\t\t<\/a>\n\t<\/div>\n<\/div>\n<div class=\"fullWidthRow marginTop\">\n\t<b>Taschenbuch \u20ac7,90<\/b>\n<\/div>\n<div class=\"fullWidthRow noBlockStartMargin\">\n    <div style=\"width: 30%\";>\n\t\t<a href=\"https:\/\/www.ebook.de\/de\/product\/28418909\/rene_bote_11_laufen_trotzdem_auf_sammelband.html\">\n            <img decoding=\"async\" src=\"https:\/\/renebote.de\/wp-content\/uploads\/2024\/02\/Shop-Icon-Ebook_de.webp\" style=\"width: 100%; cursor: pointer;\" title=\"Link zum Shop von ebook.de\"\/>\n        <\/a>\n    <\/div>    <div style=\"width: 30%\";>\n        <a href=\"https:\/\/www.bod.de\/buchshop\/11-laufen-trotzdem-auf-sammelband-rene-bote-9783743168176\">\n\t\t\t<img decoding=\"async\" src=\"https:\/\/renebote.de\/wp-content\/uploads\/2024\/02\/Shop-Icon-BoD.webp\" style=\"width: 100%; cursor: pointer;\" title=\"Link zum Shop von BoD\"\/>\n        <\/a>\n    <\/div>\n<\/div>\n\n<\/div>\n\n\n\n<div class=\"wp-block-column is-layout-flow wp-block-column-is-layout-flow\" style=\"flex-basis:66.66%\">\n<p class=\"justifyText\">\nDieser Sammelband enth\u00e4lt die ersten drei B\u00fccher der Reihe um Sophie und ihre Freundinnen von der Ballfreunde-M\u00e4dchenmannschaft. Die Leseproben findest Du auf den Vorstellungsseiten der einzelnen B\u00fccher:\n<\/p>\n<ul>\n<li><a href=\"https:\/\/renebote.de\/?page_id=689\">11 laufen trotzdem auf<\/a><\/li>\n<li><a href=\"https:\/\/renebote.de\/?page_id=718\">11 springen in die Bresche<\/a><\/li>\n<li><a href=\"https:\/\/renebote.de\/?page_id=732\">11 spielen international<\/a><\/li>\n<\/ul>\n<p class=\"justifyText\">\nAu\u00dferdem habe ich eine Kurzgeschichte hinzugef\u00fcgt, die die Ereignisse des ersten Bandes noch einmal aus der Sicht einer anderen Beteiligten erz\u00e4hlt, n\u00e4mlich aus der von Martha, die zu meinen pers\u00f6nlichen Lieblingscharakteren der Serie z\u00e4hlt.\n<\/p>\n<\/div>\n<\/div>\n","protected":false},"excerpt":{"rendered":"<p>6. Februar 2017 212 978-3743168176 Books on Demand E-Book \u20ac4,49 Taschenbuch \u20ac7,90 Dieser Sammelband enth\u00e4lt die ersten drei B\u00fccher der Reihe um Sophie und ihre Freundinnen von der Ballfreunde-M\u00e4dchenmannschaft. Die Leseproben findest Du auf den Vorstellungsseiten der einzelnen B\u00fccher: 11 laufen trotzdem auf 11 springen in die Bresche 11 spielen international Au\u00dferdem habe ich eine [&hellip;]<\/p>\n","protected":false},"author":1,"featured_media":0,"parent":0,"menu_order":0,"comment_status":"closed","ping_status":"closed","template":"","meta":{"footnotes":""},"class_list":["post-1004","page","type-page","status-publish","hentry"],"_links":{"self":[{"href":"https:\/\/renebote.de\/index.php?rest_route=\/wp\/v2\/pages\/1004","targetHints":{"allow":["GET"]}}],"collection":[{"href":"https:\/\/renebote.de\/index.php?rest_route=\/wp\/v2\/pages"}],"about":[{"href":"https:\/\/renebote.de\/index.php?rest_route=\/wp\/v2\/types\/page"}],"author":[{"embeddable":true,"href":"https:\/\/renebote.de\/index.php?rest_route=\/wp\/v2\/users\/1"}],"replies":[{"embeddable":true,"href":"https:\/\/renebote.de\/index.php?rest_route=%2Fwp%2Fv2%2Fcomments&post=1004"}],"version-history":[{"count":3,"href":"https:\/\/renebote.de\/index.php?rest_route=\/wp\/v2\/pages\/1004\/revisions"}],"predecessor-version":[{"id":1007,"href":"https:\/\/renebote.de\/index.php?rest_route=\/wp\/v2\/pages\/1004\/revisions\/1007"}],"wp:attachment":[{"href":"https:\/\/renebote.de\/index.php?rest_route=%2Fwp%2Fv2%2Fmedia&parent=1004"}],"curies":[{"name":"wp","href":"https:\/\/api.w.org\/{rel}","templated":true}]}}